{"id":55,"date":"2013-10-12T14:38:02","date_gmt":"2013-10-12T14:38:02","guid":{"rendered":"http:\/\/waterlat.org\/?page_id=55"},"modified":"2025-12-11T11:49:22","modified_gmt":"2025-12-11T14:49:22","slug":"special-journal-editions","status":"publish","type":"page","link":"https:\/\/roxpublicidade.com.br\/waterlat\/01\/publications\/special-journal-editions\/","title":{"rendered":"Special journal editions"},"content":{"rendered":"<p>&nbsp;<\/p>\n<h2>Published<\/h2>\n<p>Alex Latta and Alice Poma (Eds.), Special issue on &#8220;Megaproyectos h\u00eddricos: pol\u00edticas, culturas y conflictos&#8221; (Water megaprojects: politics, cultures and conflicts), in\u00a0<a href=\"http:\/\/revistaselectronicas.ujaen.es\/index.php\/atma\/issue\/view\/199\">Agua y Territorio \/ Water and Landscape<\/a>, University of Jaen, Jaen, Spain, No 4, 2014.<\/p>\n<p>Alex Latta and Anahi G\u00f3mez, Special issue on &#8220;Agua y megaproyectos en Latinoam\u00e9rica&#8221; (Water and megaprojects in Latin America), in <a href=\"http:\/\/www.erlacs.org\/index.php\/erlacs\">European Review of Latin American and Caribbean Studies<\/a>, #97, 2014. The publication features an introductory text and three articles by members of the Network&#8217;s Thematic Area 2, &#8220;Water and megaprojects&#8221;.<\/p>\n<p>Jos\u00e9 Esteban Castro, L\u00e9o Heller, and Maria da Piedade Morais (Eds.), Special issue on &#8220;La Lucha por el Derecho al Agua y las Pol\u00edticas P\u00fablicas en Am\u00e9rica Latina&#8221; (The Struggle over the Right to Water and Public Policy in Latin America), in <a href=\"http:\/\/revistaselectronicas.ujaen.es\/index.php\/atma\/index\">Agua y Territorio \/ Water and Landscape<\/a>, University of Jaen, Jaen, Spain, No 2, July-December 2013. The issue <a href=\"http:\/\/revistaselectronicas.ujaen.es\/index.php\/atma\/issue\/view\/133\">can be accessed electronically here<\/a>.<\/p>\n<p>Luiz Roberto Santos Moraes, Magda Beretta, and Viviana Maria Zanta (Eds.), Special Introductory issue on Gest\u00e3o e Manejo de \u00c1guas (Water Management),\u00a0<span style=\"text-decoration: underline;\">Revista Eletr\u00f4nica de Gest\u00e3o e Tecnologias Ambientais (GESTA)<\/span>, Federal University of Bahia, Brazil, Vol 1, No 1, 2013. The issue\u00a0<a href=\"http:\/\/www.portalseer.ufba.br\/index.php\/gesta\/issue\/view\/v.01%2C%20n.01\">can be accessed electronically here<\/a>.<\/p>\n<p>Elisabete Santos, Luiz Roberto Santos Moraes, and Jos\u00e9 Ant\u00f4nio Gomes de Pinho (eds.), Special Issue on O Desafio da Gest\u00e3o das \u00c1guas no S\u00e9culo XXI (The Challenge of Water Management in the 21st Century)\u00a0<a href=\"http:\/\/www.rigs.ufba.br\/\">Revista Interdisciplinar de Gest\u00e3o Social (RIGS)<\/a>, Federal University of Bahia, Brazil, Vol 1, No 1, 2012. Several papers are from WATERLAT&#8217;s 2010 Annual Meeting.The issue\u00a0<a href=\"http:\/\/en.calameo.com\/read\/0006758814ef99d09e1d6\">can be accessed electronically here<\/a>.<\/p>\n<p>Wagner Costa Ribeiro and David Sauri (eds.), Special issue, in\u00a0<a href=\"http:\/\/citrus.uspnet.usp.br\/geousp\/ojs-2.2.4\/index.php\/geousp\/issue\/view\/35\">GEOUSP: Espa\u00e7o e Tempo<\/a>\u00a0(ISSN 2179-0892), No. 31, 2012, Journal of the Post-graduate Programmes in Human Geography and Physical Geography, Department of Geography, Faculty of Philosophy and Humanities, University of Sao Paulo, Brazil. It is based on a selection of papers from WATERLAT&#8217;s 2010 Annual Meeting.<\/p>\n<p>Jos\u00e9 Esteban Castro and Inmaculada Sim\u00f3n Ruiz (eds.), Dossier: Agua y Desigualdad en Am\u00e9rica Latina (Special Issue on Water and Inequality in Latin America), in\u00a0<a href=\"http:\/\/estudiosamericanos.revistas.csic.es\/index.php\/estudiosamericanos\/issue\/view\/22\">Anuario de Estudios Americanos<\/a>, (ISSN: 0210-5810), Vol. 66, No 2, Escuela de Estudios Hispano-Americanos de Sevilla, Spanish National Research Council (CSIC), Seville, Spain, 2009. The dossier features articles on Brazil, Chile, and the Andean countries including Bolivia.<\/p>\n","protected":false},"excerpt":{"rendered":"<p>&nbsp; Published Alex Latta and Alice Poma (Eds.), Special issue on &#8220;Megaproyectos h\u00eddricos: pol\u00edticas, culturas y conflictos&#8221; (Water megaprojects: politics, cultures and conflicts), in\u00a0Agua y Territorio \/ Water and Landscape, University of Jaen, Jaen, Spain, No 4, 2014. Alex Latta and Anahi G\u00f3mez, Special issue on &#8220;Agua y megaproyectos en Latinoam\u00e9rica&#8221; (Water and megaprojects in [&hellip;]<\/p>\n","protected":false},"author":1,"featured_media":0,"parent":13,"menu_order":0,"comment_status":"closed","ping_status":"open","template":"","meta":{"footnotes":""},"class_list":["post-55","page","type-page","status-publish","hentry"],"_links":{"self":[{"href":"https:\/\/roxpublicidade.com.br\/waterlat\/01\/wp-json\/wp\/v2\/pages\/55","targetHints":{"allow":["GET"]}}],"collection":[{"href":"https:\/\/roxpublicidade.com.br\/waterlat\/01\/wp-json\/wp\/v2\/pages"}],"about":[{"href":"https:\/\/roxpublicidade.com.br\/waterlat\/01\/wp-json\/wp\/v2\/types\/page"}],"author":[{"embeddable":true,"href":"https:\/\/roxpublicidade.com.br\/waterlat\/01\/wp-json\/wp\/v2\/users\/1"}],"replies":[{"embeddable":true,"href":"https:\/\/roxpublicidade.com.br\/waterlat\/01\/wp-json\/wp\/v2\/comments?post=55"}],"version-history":[{"count":1,"href":"https:\/\/roxpublicidade.com.br\/waterlat\/01\/wp-json\/wp\/v2\/pages\/55\/revisions"}],"predecessor-version":[{"id":12992,"href":"https:\/\/roxpublicidade.com.br\/waterlat\/01\/wp-json\/wp\/v2\/pages\/55\/revisions\/12992"}],"up":[{"embeddable":true,"href":"https:\/\/roxpublicidade.com.br\/waterlat\/01\/wp-json\/wp\/v2\/pages\/13"}],"wp:attachment":[{"href":"https:\/\/roxpublicidade.com.br\/waterlat\/01\/wp-json\/wp\/v2\/media?parent=55"}],"curies":[{"name":"wp","href":"https:\/\/api.w.org\/{rel}","templated":true}]}}