{"id":5052,"date":"2018-10-26T00:28:41","date_gmt":"2018-10-26T00:28:41","guid":{"rendered":"http:\/\/waterlat.org\/?page_id=5052"},"modified":"2025-12-11T13:30:01","modified_gmt":"2025-12-11T16:30:01","slug":"2019-short-video-competition","status":"publish","type":"page","link":"https:\/\/roxpublicidade.com.br\/waterlat\/01\/short-video-competition\/2019-short-video-competition\/","title":{"rendered":"2019 Short-video Competition"},"content":{"rendered":"<style>\n    a.desar {<br \/>\n        text-decoration: none;<br \/>\n        display: inline-block;<br \/>\n        margin-right: 20px;<br \/>\n    }<br \/>\n<\/style>\n<h2>Prize Competition<\/h2>\n<h3>Winner<\/h3>\n<p><iframe loading=\"lazy\" src=\"https:\/\/www.youtube.com\/embed\/bNalJC8A3To\" width=\"560\" height=\"315\" frameborder=\"0\" allowfullscreen=\"allowfullscreen\"><\/iframe><\/p>\n<p>Elizabeth Restrepo Guti\u00e9rrez, Claudia Patricia Serna Cardona, Mar\u00eda \u00c1ngel Orozco Restrepo and Juan Camilo Gaviria Londo\u00f1o, Copacabana, Antioquia, Colombia.<\/p>\n<p><i>DOI: 10.5072\/zenodo.411019<\/i><\/p>\n<p style=\"color: #9ad3f9;\">Export Cite<\/p>\n<p>&nbsp;<\/p>\n<p>&nbsp;<\/p>\n<h3>Second Place, Mention<\/h3>\n<p><iframe loading=\"lazy\" src=\"https:\/\/www.youtube.com\/embed\/AxZyroTSygc\" width=\"560\" height=\"315\" frameborder=\"0\" allowfullscreen=\"allowfullscreen\"><\/iframe><\/p>\n<p>Soledad Fern\u00e1ndez Bouzo,<br \/>\nUniversity of Buenos Aires, Argentina.<\/p>\n<p><i>DOI: 10.5072\/zenodo.412424<\/i><\/p>\n<p style=\"color: #9ad3f9;\">Export Cite<\/p>\n<p>&nbsp;<\/p>\n<h3>Third Place, Mention<\/h3>\n<p><iframe loading=\"lazy\" src=\"https:\/\/www.youtube.com\/embed\/BvkxwjdGN2I\" width=\"560\" height=\"315\" frameborder=\"0\" allowfullscreen=\"allowfullscreen\"><\/iframe><\/p>\n<p>Luis Borda, Massiel Cardozo, Roc\u00edo Bustamante, and Rudy Ledezma, Cochabamba, Bolivia<\/p>\n<p><i>DOI: 10.5072\/zenodo.411181<\/i><\/p>\n<p style=\"color: #9ad3f9;\">Export Cite<\/p>\n<p>&nbsp;<\/p>\n<h2>Mention-only Competition<\/h2>\n<p><i>According to the Competition Regulations this video could only compete for a mention.<\/i><\/p>\n<h3>Special Mention<\/h3>\n<p><iframe loading=\"lazy\" src=\"https:\/\/www.youtube.com\/embed\/-go1ARz3KdI\" width=\"560\" height=\"315\" frameborder=\"0\" allowfullscreen=\"allowfullscreen\"><\/iframe><\/p>\n<p>lntan Karunia, Komunitas Kedung, Sruweng, Kebumen, Jawa Tengah, Indonesia.<\/p>\n<p><i>DOI: 10.5072\/zenodo.411692<\/i><\/p>\n<p style=\"color: #9ad3f9;\">Export Cite<\/p>\n<p>&nbsp;<\/p>\n","protected":false},"excerpt":{"rendered":"<p>Prize Competition Winner Elizabeth Restrepo Guti\u00e9rrez, Claudia Patricia Serna Cardona, Mar\u00eda \u00c1ngel Orozco Restrepo and Juan Camilo Gaviria Londo\u00f1o, Copacabana, Antioquia, Colombia. DOI: 10.5072\/zenodo.411019 Export Cite &nbsp; &nbsp; Second Place, Mention Soledad Fern\u00e1ndez Bouzo, University of Buenos Aires, Argentina. DOI: 10.5072\/zenodo.412424 Export Cite &nbsp; Third Place, Mention Luis Borda, Massiel Cardozo, Roc\u00edo Bustamante, and Rudy [&hellip;]<\/p>\n","protected":false},"author":1,"featured_media":0,"parent":3761,"menu_order":0,"comment_status":"closed","ping_status":"closed","template":"","meta":{"footnotes":""},"class_list":["post-5052","page","type-page","status-publish","hentry"],"_links":{"self":[{"href":"https:\/\/roxpublicidade.com.br\/waterlat\/01\/wp-json\/wp\/v2\/pages\/5052","targetHints":{"allow":["GET"]}}],"collection":[{"href":"https:\/\/roxpublicidade.com.br\/waterlat\/01\/wp-json\/wp\/v2\/pages"}],"about":[{"href":"https:\/\/roxpublicidade.com.br\/waterlat\/01\/wp-json\/wp\/v2\/types\/page"}],"author":[{"embeddable":true,"href":"https:\/\/roxpublicidade.com.br\/waterlat\/01\/wp-json\/wp\/v2\/users\/1"}],"replies":[{"embeddable":true,"href":"https:\/\/roxpublicidade.com.br\/waterlat\/01\/wp-json\/wp\/v2\/comments?post=5052"}],"version-history":[{"count":1,"href":"https:\/\/roxpublicidade.com.br\/waterlat\/01\/wp-json\/wp\/v2\/pages\/5052\/revisions"}],"predecessor-version":[{"id":13000,"href":"https:\/\/roxpublicidade.com.br\/waterlat\/01\/wp-json\/wp\/v2\/pages\/5052\/revisions\/13000"}],"up":[{"embeddable":true,"href":"https:\/\/roxpublicidade.com.br\/waterlat\/01\/wp-json\/wp\/v2\/pages\/3761"}],"wp:attachment":[{"href":"https:\/\/roxpublicidade.com.br\/waterlat\/01\/wp-json\/wp\/v2\/media?parent=5052"}],"curies":[{"name":"wp","href":"https:\/\/api.w.org\/{rel}","templated":true}]}}