{"id":4966,"date":"2018-09-19T02:09:21","date_gmt":"2018-09-19T02:09:21","guid":{"rendered":"http:\/\/waterlat.org\/?page_id=4966"},"modified":"2025-12-11T13:28:24","modified_gmt":"2025-12-11T16:28:24","slug":"2017-18-short-video-competition","status":"publish","type":"page","link":"https:\/\/roxpublicidade.com.br\/waterlat\/01\/short-video-competition\/2017-18-short-video-competition\/","title":{"rendered":"2017-18 Short-video Competition"},"content":{"rendered":"<style>\n    a.desar {<br \/>\n        text-decoration: none;<br \/>\n        display: inline-block;<br \/>\n        margin-right: 20px;<br \/>\n    }<br \/>\n<\/style>\n<h2>Prize Competition (four videos)<\/h2>\n<h3>Winner<\/h3>\n<p><iframe loading=\"lazy\" src=\"https:\/\/www.youtube.com\/embed\/5EvB17nXZIg?rel=0\" width=\"560\" height=\"315\" frameborder=\"0\" allowfullscreen=\"allowfullscreen\"><\/iframe><\/p>\n<p>Fernando Melgoza Sep\u00falveda, Adriana Hern\u00e1ndez Garc\u00eda, Carlos Melgoza Sep\u00falveda and Modesto Eduardo Hern\u00e1ndez Merino,<br \/>\nUniversity Centre la Cienega, University of Guadalajara, Jalisco, Mexico.<\/p>\n<p><i>DOI: 10.5072\/zenodo.242632<\/i><\/p>\n<p style=\"color: #9ad3f9;\">Export Cite<\/p>\n<p>&nbsp;<\/p>\n<p>&nbsp;<\/p>\n<h3>Mention<\/h3>\n<p><iframe loading=\"lazy\" src=\"https:\/\/www.youtube.com\/embed\/dobILS5K-r4\" width=\"560\" height=\"315\" frameborder=\"0\" allowfullscreen=\"allowfullscreen\"><\/iframe><\/p>\n<p>Andr\u00e9 Monteiro Costa.<\/p>\n<p><i>DOI: 10.5072\/zenodo.244792<\/i><\/p>\n<p style=\"color: #9ad3f9;\">Export Cite<\/p>\n<p>&nbsp;<\/p>\n<p>&nbsp;<\/p>\n<h3>Third Place<\/h3>\n<p><iframe loading=\"lazy\" src=\"https:\/\/www.youtube.com\/embed\/_Zfoqw8kxAw\" width=\"560\" height=\"315\" frameborder=\"0\" allowfullscreen=\"allowfullscreen\"><\/iframe><\/p>\n<p>Grace Beeler, Luiza Procopio, Anderson Soares Caldas and Jailton Suzart<\/p>\n<p>&nbsp;<\/p>\n<h3>Fourth Place<\/h3>\n<p><iframe loading=\"lazy\" src=\"https:\/\/www.youtube.com\/embed\/ms1ZREzR8fY\" width=\"560\" height=\"315\" frameborder=\"0\" allowfullscreen=\"allowfullscreen\"><\/iframe><\/p>\n<p>Clayson Marlei Figueiredo<\/p>\n<p>&nbsp;<\/p>\n<h2>Mention-only Competition (three videos)<\/h2>\n<p><i>According to the Competition Regulations these videos could only compete for a mention.<\/i><\/p>\n<h3>Special Mention<\/h3>\n<p><iframe loading=\"lazy\" src=\"https:\/\/www.youtube.com\/embed\/B2dRTb5foLQ\" width=\"560\" height=\"315\" frameborder=\"0\" allowfullscreen=\"allowfullscreen\"><\/iframe><\/p>\n<p>Adham Badawy, Cristiano Von Steinkirch de Oliveira, Elham Bakhshian, Rosemary Nyingi, and Simon Ryfisch, Institute for Water Education (IHE), Delft, The Netherlands.<\/p>\n<p><i>DOI: 10.5072\/zenodo.244.248<\/i><\/p>\n<p style=\"color: #9ad3f9;\">Export Cite<\/p>\n<p>&nbsp;<\/p>\n<p>&nbsp;<\/p>\n<h3>Mention<\/h3>\n<p><iframe loading=\"lazy\" src=\"https:\/\/www.youtube.com\/embed\/5I_eWCcqIPM\" width=\"560\" height=\"315\" frameborder=\"0\" allowfullscreen=\"allowfullscreen\"><\/iframe><\/p>\n<p>Lou-Ann Kleppa, Luis Fernando Novoa Garzon, Carlos Fiengo, Rodrigo Rodriguez, Jo\u00e3o Marcos Dutra, Eliaquim da Cunha, Paula Stolerman, Daniela Moreira, Ina\u00ea Level, Lou-Ann Kleppa, Mario Venere and Altino Machado<\/p>\n<p><i>DOI: 10.5072\/zenodo.244645<\/i><\/p>\n<p style=\"color: #9ad3f9;\">Export Cite<\/p>\n<p>&nbsp;<\/p>\n<p>&nbsp;<\/p>\n<h3>Mention<\/h3>\n<p><iframe loading=\"lazy\" src=\"https:\/\/www.youtube.com\/embed\/FHr5I-gV64o\" width=\"560\" height=\"315\" frameborder=\"0\" allowfullscreen=\"allowfullscreen\"><\/iframe><\/p>\n<p>Gabriel de Sena Jardim<\/p>\n<p><i>DOI: 10.5072\/zenodo.244607<\/i><\/p>\n<p style=\"color: #9ad3f9;\">Export Cite<\/p>\n<p>&nbsp;<\/p>\n","protected":false},"excerpt":{"rendered":"<p>Prize Competition (four videos) Winner Fernando Melgoza Sep\u00falveda, Adriana Hern\u00e1ndez Garc\u00eda, Carlos Melgoza Sep\u00falveda and Modesto Eduardo Hern\u00e1ndez Merino, University Centre la Cienega, University of Guadalajara, Jalisco, Mexico. DOI: 10.5072\/zenodo.242632 Export Cite &nbsp; &nbsp; Mention Andr\u00e9 Monteiro Costa. DOI: 10.5072\/zenodo.244792 Export Cite &nbsp; &nbsp; Third Place Grace Beeler, Luiza Procopio, Anderson Soares Caldas and Jailton [&hellip;]<\/p>\n","protected":false},"author":1,"featured_media":0,"parent":3761,"menu_order":0,"comment_status":"closed","ping_status":"closed","template":"","meta":{"footnotes":""},"class_list":["post-4966","page","type-page","status-publish","hentry"],"_links":{"self":[{"href":"https:\/\/roxpublicidade.com.br\/waterlat\/01\/wp-json\/wp\/v2\/pages\/4966","targetHints":{"allow":["GET"]}}],"collection":[{"href":"https:\/\/roxpublicidade.com.br\/waterlat\/01\/wp-json\/wp\/v2\/pages"}],"about":[{"href":"https:\/\/roxpublicidade.com.br\/waterlat\/01\/wp-json\/wp\/v2\/types\/page"}],"author":[{"embeddable":true,"href":"https:\/\/roxpublicidade.com.br\/waterlat\/01\/wp-json\/wp\/v2\/users\/1"}],"replies":[{"embeddable":true,"href":"https:\/\/roxpublicidade.com.br\/waterlat\/01\/wp-json\/wp\/v2\/comments?post=4966"}],"version-history":[{"count":1,"href":"https:\/\/roxpublicidade.com.br\/waterlat\/01\/wp-json\/wp\/v2\/pages\/4966\/revisions"}],"predecessor-version":[{"id":12998,"href":"https:\/\/roxpublicidade.com.br\/waterlat\/01\/wp-json\/wp\/v2\/pages\/4966\/revisions\/12998"}],"up":[{"embeddable":true,"href":"https:\/\/roxpublicidade.com.br\/waterlat\/01\/wp-json\/wp\/v2\/pages\/3761"}],"wp:attachment":[{"href":"https:\/\/roxpublicidade.com.br\/waterlat\/01\/wp-json\/wp\/v2\/media?parent=4966"}],"curies":[{"name":"wp","href":"https:\/\/api.w.org\/{rel}","templated":true}]}}