{"id":3680,"date":"2023-05-10T21:23:35","date_gmt":"2023-05-10T21:23:35","guid":{"rendered":"https:\/\/waterlat.org\/pt\/?page_id=3680"},"modified":"2023-05-10T21:23:35","modified_gmt":"2023-05-10T21:23:35","slug":"livros-da-at9","status":"publish","type":"page","link":"https:\/\/roxpublicidade.com.br\/waterlat\/01\/pt\/areas-tematicas\/at9-agua-e-producao\/livros-da-at9\/","title":{"rendered":"Livros da AT9"},"content":{"rendered":"<p>Aqui apresentamos livros produzidos por membros da AT9 como parte de suas atividades como membros  da Rede  (n\u00e3o incluimos publica\u00e7\u00f5es que n\u00e3o correspondem \u00e1 atividades da Rede. Estes livros refletem  os interesses e leque tem\u00e1tico da AT9.<\/p>\n<h2>Livros que s\u00e3o resultado do <a href=\"https:\/\/roxpublicidade.com.br\/waterlat\/01\/pt\/waterlat-student-prize\/\">Pr\u00eamio para Estudantes da Rede WATERLAT-GOBACIT<\/a>.<\/h2>\n<p>&nbsp;<br \/>\n<a href=\"https:\/\/roxpublicidade.com.br\/waterlat\/01\/pt\/wp-content\/uploads\/sites\/3\/2019\/09\/Tapa-Ivars.jpg\"><img loading=\"lazy\" decoding=\"async\" class=\"alignnone size-medium wp-image-2744\" src=\"https:\/\/roxpublicidade.com.br\/waterlat\/01\/pt\/wp-content\/uploads\/sites\/3\/2019\/09\/Tapa-Ivars-207x300.jpg\" alt=\"\" width=\"207\" height=\"300\" \/><\/a><\/p>\n<p>Este livro \u00e9 um produto da <a href=\"https:\/\/roxpublicidade.com.br\/waterlat\/01\/pt\/waterlat-student-prize\/premio-de-estudantes-waterlat-gobacit-2015\/\"> Edi\u00e7\u00e3o 2015 do Pr\u00eamio de Estudantes (Doutorado)<\/a> da Rede WATERLAT-GOBACIT.<\/p>\n<p>Jorge Daniel Ivars, <a href=\"https:\/\/roxpublicidade.com.br\/waterlat\/01\/pt\/publicacoes\/livros\/agua-poder-e-racionalizacao\/\"> \u00c1gua, Poder, e Racionaliza\u00e7\u00e3o na Prov\u00edncia de Mendoza, Argentina (em espanhol) <\/a>. Co-publicado em Newcastle upon Tyne, Reino Unido, Campina Grande, Para\u00edba, Brasil, e Buenos Aires, Argentina, Guadalajara, M\u00e9xico, e Alcal\u00e1 de Henares, Espanha, pela Rede WATERLAT-GOBACIT (DOI: 10.5281\/zenodo.3956624), <a href=\"http:\/\/eduepb.uepb.edu.br\/e-books\/\"> Editora da Universidade Estadual da Para\u00edba (EDUEPB) (ISBN de Brasil: 978-85-7879-391-3 [impreso] e 978-85-7879-392-0 [E-book]<\/a>, <a href=\"http:\/\/www.ciccus.org.ar\/\"> Ediciones CICCUS (ISBN de Argentina: 978-987-693-785-6 [E-book]<\/a>, <a href=\"http:\/\/www.unq.edu.ar\/\"> Universidad Nacional de Quilmes (UNQ)<\/a>, <a href=\"https:\/\/www.iteso.mx\"> Instituto Tecnol\u00f3gico de Estudios Superiores de Occidente (ITESO)<\/a>, e <a href=\"https:\/\/ielat.com\">Instituto Universitario de Investigaci\u00f3n en Estudios Latinoamericanos (IELAT), Universidade de Alcal\u00e1<\/a>, [2019] 2a ed., 2020.<\/p>\n<p>&nbsp;<\/p>\n<p><a href=\"https:\/\/roxpublicidade.com.br\/waterlat\/01\/pt\/areas-tematicas\/at9-agua-e-producao\/\">Voltar \u00e0 Apresenta\u00e7\u00e3o da AT9<\/a><\/p>\n","protected":false},"excerpt":{"rendered":"<p>Aqui apresentamos livros produzidos por membros da AT9 como parte de suas atividades como membros da Rede (n\u00e3o incluimos publica\u00e7\u00f5es que n\u00e3o correspondem \u00e1 atividades da Rede. Estes livros refletem os interesses e leque tem\u00e1tico da AT9. Livros que s\u00e3o resultado do Pr\u00eamio para Estudantes da Rede WATERLAT-GOBACIT. &nbsp; Este livro \u00e9 um produto da [&hellip;]<\/p>\n","protected":false},"author":1,"featured_media":0,"parent":3683,"menu_order":0,"comment_status":"closed","ping_status":"closed","template":"page-templates\/full-width.php","meta":{"footnotes":""},"class_list":["post-3680","page","type-page","status-publish","hentry"],"_links":{"self":[{"href":"https:\/\/roxpublicidade.com.br\/waterlat\/01\/wp-json\/wp\/v2\/pages\/3680","targetHints":{"allow":["GET"]}}],"collection":[{"href":"https:\/\/roxpublicidade.com.br\/waterlat\/01\/wp-json\/wp\/v2\/pages"}],"about":[{"href":"https:\/\/roxpublicidade.com.br\/waterlat\/01\/wp-json\/wp\/v2\/types\/page"}],"author":[{"embeddable":true,"href":"https:\/\/roxpublicidade.com.br\/waterlat\/01\/wp-json\/wp\/v2\/users\/1"}],"replies":[{"embeddable":true,"href":"https:\/\/roxpublicidade.com.br\/waterlat\/01\/wp-json\/wp\/v2\/comments?post=3680"}],"version-history":[{"count":0,"href":"https:\/\/roxpublicidade.com.br\/waterlat\/01\/wp-json\/wp\/v2\/pages\/3680\/revisions"}],"up":[{"embeddable":true,"href":"https:\/\/roxpublicidade.com.br\/waterlat\/01\/wp-json\/wp\/v2\/pages\/3683"}],"wp:attachment":[{"href":"https:\/\/roxpublicidade.com.br\/waterlat\/01\/wp-json\/wp\/v2\/media?parent=3680"}],"curies":[{"name":"wp","href":"https:\/\/api.w.org\/{rel}","templated":true}]}}