{"id":2919,"date":"2018-09-22T14:53:38","date_gmt":"2018-09-22T14:53:38","guid":{"rendered":"http:\/\/waterlat.org\/es\/?page_id=2919"},"modified":"2018-09-22T14:53:38","modified_gmt":"2018-09-22T14:53:38","slug":"premio-2018","status":"publish","type":"page","link":"https:\/\/roxpublicidade.com.br\/waterlat\/01\/es\/premio-waterlat-para-estudiantes\/premio-2018\/","title":{"rendered":"Premio para Estudiantes WATERLAT-GOBACIT 2018"},"content":{"rendered":"<p>La quinta llamada a postulaciones para el Premio WATERLAT-GOBACIT fue para tesis aprobadas entre el 1 de enero y el 31 de diciembre de 2017 y cerr\u00f3 el 28 de febrero de 2018. Se presentaron 8 postulantes, 5 al Premio de Maestr\u00eda y 3 al Premio de Doctorado. Se convoc\u00f3 a una Comisi\u00f3n Evaluadora compuesta de acad\u00e9micas y acad\u00e9micos miembros de la Red e invitados externos. Al final de esta p\u00e1gina suministramos los detalles de la Comisi\u00f3n Evaluadora. Los resultados fueron anunciados el 5 de septiembre de 2018 durante la <a href=\"https:\/\/roxpublicidade.com.br\/waterlat\/01\/es\/encuentros\/public-meetings\/waterlat-gobacit-ix-joao-pessoa-2018\/\">IX Reuni\u00f3n Internacional de la Red WATERLAT-GOBACIT<\/a>.<\/p>\n<p>&nbsp;<\/p>\n<hr \/>\n<h3>El Premio<\/h3>\n<p><span style=\"text-decoration: underline;\">Premio Doctoral 2018<\/span><\/p>\n<p><strong>Cindy Claudia McCulligh<\/strong>. T\u00edtulo de la tesis: \u201cAlcantarilla del progreso: Industria y Estado en la contaminaci\u00f3n del r\u00edo Santiago en Jalisco, M\u00e9xico\u201d. Doctorado en Ciencias Sociales, con especializaci\u00f3n en Antropolog\u00eda Social, Centro de Investigaciones y Estudios Superiores en Antropolog\u00eda Social (CIESAS), Guadalajara, Jalisco, M\u00e9xico, 2017. <a href=\"https:\/\/roxpublicidade.com.br\/waterlat\/01\/Thesis\/McCulligh.pdf\">Accesible aqu\u00ed<\/a>.<\/p>\n<p>&nbsp;<\/p>\n<p><span style=\"text-decoration: underline;\">Premio de Maestr\u00eda 2018<\/span><\/p>\n<p><strong>Alma Rosa Barranco Salazar<\/strong>. T\u00edtulo de la tesis: \u201cSaberes, valores y organizaci\u00f3n social de la gesti\u00f3n comunitaria del Sistema de Agua Potable de Zothe, en Huichapan, Hidalgo, M\u00e9xico\u201d. Maestr\u00eda en Gesti\u00f3n Sustentable del Agua, El Colegio de San Luis (COLSAN), San Luis Potos\u00ed, M\u00e9xico, 2017. <a href=\"https:\/\/roxpublicidade.com.br\/waterlat\/01\/Thesis\/AlmaBarranco.pdf\">Accesible aqu\u00ed<\/a>.<\/p>\n<p>&nbsp;<\/p>\n<p>Dado que tuvimos candidatos excelentes, la the <a href=\"https:\/\/roxpublicidade.com.br\/waterlat\/01\/es\/comision-editorial\/\">Comisi\u00f3n Editorial<\/a> decidi\u00f3 invitar al resto de los participantes a enviar un art\u00edculo basado en las tesis para su publicaci\u00f3n en la <a href=\"https:\/\/roxpublicidade.com.br\/waterlat\/01\/es\/publicaciones\/working-papers-series\/\">Serie de Cuadernos de Trabajo<\/a> de la Red.<\/p>\n<p>&nbsp;<\/p>\n<hr \/>\n<h3>Lista completa de los candidatos participantes:<\/h3>\n<p><strong><span style=\"text-decoration: underline;\">Premio Doctoral<\/span><\/strong><\/p>\n<p><strong>Cindy Claudia McCulligh<\/strong>. T\u00edtulo de la tesis: \u201cAlcantarilla del progreso: Industria y Estado en la contaminaci\u00f3n del r\u00edo Santiago en Jalisco, M\u00e9xico\u201d. Doctorado en Ciencias Sociales, con especializaci\u00f3n en Antropolog\u00eda Social, Centro de Investigaciones y Estudios Superiores en Antropolog\u00eda Social (CIESAS), Guadalajara, Jalisco, M\u00e9xico, 2017. <a href=\"https:\/\/roxpublicidade.com.br\/waterlat\/01\/Thesis\/McCulligh.pdf\">Accesible aqu\u00ed<\/a>.<\/p>\n<p><strong>Hildelano Delanusse Theodoro<\/strong>. T\u00edtulo de la tesis: \u201cAn\u00e1lisis de la gesti\u00f3n de recursos h\u00eddricos: un estudio de caso del Comit\u00e9 de Cuenca del Rio das Velhas, Minas Gerais, Brasil\u201d (en portugu\u00e9s). Doctorado en Agua y Saneamiento, Medio Ambiente y Recursos H\u00eddricos, Universidad Federal de Minas Gerais (UFMG), Belo Horizonte, Minas Gerais, Brasil, 2017. <a href=\"https:\/\/roxpublicidade.com.br\/waterlat\/01\/Thesis\/Theodoro.pdf\">Accesible aqu\u00ed<\/a>.<\/p>\n<p><strong>Melina Tob\u00edas<\/strong>. T\u00edtulo de la tesis: \u201cPol\u00edtica del agua, controversias socio-t\u00e9cnicas y conflictos territoriales en el \u00c1rea Metropolitana de Buenos Aires, Argentina (2006-2015)\u201d. Doctorado en Ciencias Sociales y Geograf\u00eda, Universidad de Buenos Aires, Argentina y Universit\u00e9 Paris 3 Sorbonne Nouvelle, Francia, 2017. <a  ref=\"https:\/\/roxpublicidade.com.br\/waterlat\/01\/Thesis\/Tobias.pdf\">Accesible aqu\u00ed<\/a>.<\/p>\n<p>&nbsp;<\/p>\n<p><strong><span style=\"text-decoration: underline;\">Premio de Maestr\u00eda<\/span><\/strong><\/p>\n<p><strong>Alma Rosa Barranco Salazar<\/strong>. T\u00edtulo de la tesis: \u201cSaberes, valores y organizaci\u00f3n social de la gesti\u00f3n comunitaria del Sistema de Agua Potable de Zothe, en Huichapan, Hidalgo, M\u00e9xico\u201d. Maestr\u00eda en Gesti\u00f3n Sustentable del Agua, El Colegio de San Luis (COLSAN), San Luis Potos\u00ed, M\u00e9xico, 2017. <a href=\"https:\/\/roxpublicidade.com.br\/waterlat\/01\/Thesis\/AlmaBarranco.pdf\">Accesible aqu\u00ed<\/a>.<\/p>\n<p><strong>Carolina Filippon<\/strong>. T\u00edtulo de la tesis: \u201cAcuerdos de gobernanza sobre bienes ambientales en un esquema de neoextractivismo\u201d. Maestr\u00eda en Derecho Ambiental y Urban\u00edstico, Universidad Nacional del Litoral (UNL), Santa Fe, Argentina, 2017.<\/p>\n<p><strong>Andr\u00e9s Felipe Jimenez G\u00f3mez<\/strong>. T\u00edtulo de la tesis: \u201cCriando la monta\u00f1a, el agua y la vida: procesos hidrocomunitarios campesinos y acumulaci\u00f3n por despojo h\u00eddrico en el Complejo de P\u00e1ramos de Sons\u00f3n en Antioquia, Colombia\u201d. Maestr\u00eda en Gesti\u00f3n Sustentable del Agua, El Colegio de San Luis (COLSAN), San Luis Potos\u00ed, M\u00e9xico, 2017. <a href=\"https:\/\/roxpublicidade.com.br\/waterlat\/01\/Thesis\/JimenezGomez.pdf\">Accesible aqu\u00ed<\/a>.<\/p>\n<p><strong>Renato de Toledo Peres<\/strong>. T\u00edtulo de la tesis: \u201cEl agua como recurso territorial en la agricultura: el caso de Holambra, San Pablo, Brasil\u201d (en portugu\u00e9s). Maestr\u00eda en Geograf\u00eda, Universidade Estadual Paulista &#8220;Julio de Mesquita Filho&#8221; (UNESP), Rio Claro, San Pablo, Brasil, 2017. <a href=\"https:\/\/roxpublicidade.com.br\/waterlat\/01\/Thesis\/Peres.pdf\">Accesible aqu\u00ed<\/a>.<\/p>\n<p><strong>Mar\u00eda Alejandra Villada R\u00edos<\/strong>. T\u00edtulo de la tesis: \u201cHacia una Pol\u00edtica de lo Com\u00fan. Experiencia de Gesti\u00f3n Comunitaria del Agua en el municipio de T\u00e1mesis, Antioquia, Colombia\u201d. Maestr\u00eda en Gesti\u00f3n Sustentable del Agua, El Colegio de San Luis (COLSAN), San Luis Potos\u00ed, M\u00e9xico, 2017. <a href=\"https:\/\/roxpublicidade.com.br\/waterlat\/01\/Thesis\/VilladaRios.pdf\">Accesible aqu\u00ed<\/a>.<\/p>\n<p>&nbsp;<\/p>\n<hr \/>\n<h3>Comisi\u00f3n Evaluadora de la Edici\u00f3n 2018 del Premio WATERLAT-GOBACIT para Estudiantes<\/h3>\n<p>Dr Joan Cortinas, IGlobe Unit, Centre National de la Recherche Scientifique, University of Arizona, Tucson, Arizona, Estados Unidos<\/p>\n<p>Dr Mar\u00eda Ang\u00e9lica Maciel Costa,  Universidade Federal Rural de Rio de Janeiro (UFRRJ), \u00c1rea Rural &#8211; Seropedica, R\u00edo de Janeiro, Brasil<\/p>\n<p>Dr Andre Monteiro Costa, Fundaci\u00f3n Oswaldo Cruz Foundation (Fiocruz), Recife, Pernambuco, Brasil<\/p>\n<p>Dr Luciano Florit, Universidade Regional de Blumenau, Blumenau, Santa Catarina, Brasil<\/p>\n<p>Dr Ana Paula Fracalanza, Universidad de San Pablo (USP), San Pablo, Brasil<\/p>\n<p>Dr Kathryn Furlong,  Universit\u00e9 de Montr\u00e9al, Departement de G\u00e9ographie, Montreal, Qu\u00e9bec, Canad\u00e1<\/p>\n<p>Dr Claudia Gasca Moreno, Universidad de Guanajuato, Le\u00f3n, Guanajuato, M\u00e9xico<\/p>\n<p>Dr Gonzalo Hatch Kuri, Universidad Nacional Aut\u00f3noma de M\u00e9xico (UNAM), Ciudad de M\u00e9xico, M\u00e9xico<\/p>\n<p>Dr Sandra Hincapi\u00e9, Universidad Aut\u00f3noma de Zacatecas, Zacatecas, M\u00e9xico\t<\/p>\n<p>Dr Jorge Ivars, Consejo Nacional de Investigaciones Cient\u00edficas y T\u00e9cnicas (CONICET), y Universidad Nacional de Cuyo (UNCUYO), Mendoza, Argentina<\/p>\n<p>Dr Ra\u00fal Pacheco-Vega, Centro de Investigaci\u00f3n y Docencia Econ\u00f3micas (CIDE), Aguascalientes, Aguascalientes, M\u00e9xico<\/p>\n<p>Dr Alice Poma, Universidad Nacional Aut\u00f3noma de M\u00e9xico (UNAM), Ciudad de M\u00e9xico, M\u00e9xico<\/p>\n<p>Dr Tania Rodr\u00edguez Echavarr\u00eda, Universidad de Costa Rica, San Jos\u00e9, Costa Rica<\/p>\n<p>Dr Lourdes Magdalena Romero Navarrete, Centro de Investigaciones y Estudios Superiores en Antropolog\u00eda Social (CIESAS), Ciudad de M\u00e9xico, M\u00e9xico<\/p>\n<p>Dr Adriana Sandoval Moreno, Universidad Nacional Aut\u00f3noma de M\u00e9xico  (UNAM), Jiquilpan, Michoac\u00e1n, M\u00e9xico<\/p>\n<p>Dr Mart\u00edn Sanzana Calvet, Instituto de Estudios Estrat\u00e9gicos para el Desarrollo Humano, Concepci\u00f3n, Bio Bio, Chile<\/p>\n<p>Dr Inmaculada Sim\u00f3n Ruiz, Universidad Aut\u00f3noma de Chile, Santiago, Chile<\/p>\n<p>Dr Alejandro Torres-Abreu, Universidad de Puerto Rico en Humacao, Humacao, Puerto Rico\t<\/p>\n<p>Dr Armando Gallo Yahn Filho, Universidade Federal de Uberl\u00e2ndia, Uberl\u00e2ndia, Minas Gerais, Brasil<\/p>\n<p>&nbsp;<\/p>\n<hr \/>\n<p style=\"text-align: center;\">Para consultas o comentarios referidos al Premio WATERLAT-GOBACIT para Estudiantes, por favor contactar la <a href=\"mailto:redwaterlat@gmail.com\">Secretar\u00eda<\/a> de la red.<\/p>\n<p>&nbsp;<\/p>\n","protected":false},"excerpt":{"rendered":"<p>La quinta llamada a postulaciones para el Premio WATERLAT-GOBACIT fue para tesis aprobadas entre el 1 de enero y el 31 de diciembre de 2017 y cerr\u00f3 el 28 de febrero de 2018. Se presentaron 8 postulantes, 5 al Premio de Maestr\u00eda y 3 al Premio de Doctorado. Se convoc\u00f3 a una Comisi\u00f3n Evaluadora compuesta [&hellip;]<\/p>\n","protected":false},"author":1,"featured_media":0,"parent":339,"menu_order":0,"comment_status":"closed","ping_status":"closed","template":"page-templates\/full-width.php","meta":{"footnotes":""},"class_list":["post-2919","page","type-page","status-publish","hentry"],"_links":{"self":[{"href":"https:\/\/roxpublicidade.com.br\/waterlat\/01\/wp-json\/wp\/v2\/pages\/2919","targetHints":{"allow":["GET"]}}],"collection":[{"href":"https:\/\/roxpublicidade.com.br\/waterlat\/01\/wp-json\/wp\/v2\/pages"}],"about":[{"href":"https:\/\/roxpublicidade.com.br\/waterlat\/01\/wp-json\/wp\/v2\/types\/page"}],"author":[{"embeddable":true,"href":"https:\/\/roxpublicidade.com.br\/waterlat\/01\/wp-json\/wp\/v2\/users\/1"}],"replies":[{"embeddable":true,"href":"https:\/\/roxpublicidade.com.br\/waterlat\/01\/wp-json\/wp\/v2\/comments?post=2919"}],"version-history":[{"count":0,"href":"https:\/\/roxpublicidade.com.br\/waterlat\/01\/wp-json\/wp\/v2\/pages\/2919\/revisions"}],"up":[{"embeddable":true,"href":"https:\/\/roxpublicidade.com.br\/waterlat\/01\/wp-json\/wp\/v2\/pages\/339"}],"wp:attachment":[{"href":"https:\/\/roxpublicidade.com.br\/waterlat\/01\/wp-json\/wp\/v2\/media?parent=2919"}],"curies":[{"name":"wp","href":"https:\/\/api.w.org\/{rel}","templated":true}]}}