{"id":2785,"date":"2016-07-27T12:30:47","date_gmt":"2016-07-27T12:30:47","guid":{"rendered":"http:\/\/waterlat.org\/?page_id=2785"},"modified":"2025-12-01T16:31:39","modified_gmt":"2025-12-01T19:31:39","slug":"logo","status":"publish","type":"page","link":"https:\/\/roxpublicidade.com.br\/waterlat\/01\/meetings\/public-meetings\/waterlat-gobacit-viii-san-jose-2017\/logo\/","title":{"rendered":"Logo VIII Meeting"},"content":{"rendered":"<p><strong>Inspiration for the logo<\/strong><\/p>\n<p>The inspiration to develop the logo for the VIII International Meeting of the WATERLAT-GOBACIT Network was taken from petroglyphs found at the Guayabo National Monument, Costa Rica.<\/p>\n<p>&nbsp;<\/p>\n<p><strong>Turrialba\u2019s Guayabo<\/strong><\/p>\n<p>The Guayabo National Monument is located in the Turrialba canton, province of Cartago, and it is one of the most important archaelogical sites in Costa Rica. It is considered to be up to 3000 thousand years old, and would have been a centre with economic, religious and political functions. Its aqueduct is still in working order, and in 2009 it was awarded the status of Heritage of Humanity by the American Society of Civil Engineers in recognition to the complexity of its engineering design. Check here for more information in <a href=\"http:\/\/areasyparques.com\/areasprotegidas\/monumento-nacional-guayabo\/\">Spanish<\/a> or <a href=\"http:\/\/www.twoweeksincostarica.com\/guayabo-national-monument\/\">English<\/a>.<\/p>\n<p>&nbsp;<\/p>\n<p><strong>The petroglyphs<\/strong><\/p>\n<p>In the book by Ana Cecilia Arias, Floria Castrillo and Grace Herrera published in 2012 and titled A history written in stone. Petroglypths in Turrialba\u2019s Guayabob (in Spanish), the authors present the results of a Community University Work (TCU made by members of the University of Costa Rica between 1978 and 2002. The work was based on previous research by Floria Castrillo who had reproduced the petroglypths found in Guayabo. In the book, they explain that the publication is not just to recover the memories carved in stone but to present \u201ca collection of drawings of exquisite quality and with an incomensurable symbolic value\u201d (text from the book\u2019s back cover).<\/p>\n<p>&nbsp;<\/p>\n<p><strong>About the logo<\/strong><\/p>\n<p>According to the book\u2019s authors, the spiral is a symbol of water making reference to tornadoes, hurricanes, but also to human migrations in search of water (maps). The image taken for the logo corresponds to a petroglypth foun din Turrialba\u2019s Guayabo (Arias, Castrillo, and Herrera, 2012, p. 33). The authors believe that in some cases the petroglypths refer to the random forms carved by water, for example in river deltas, and in other cases represent human-made patterns such as agricultural landscapes. The book not only focuses on the process of recovering Guayabo but also makes reference to the interpretations made by other researchers in comparative studies with petroglypths from other cultures. For example, designs from graves found in Ireland, or petroglypths from Arizona in the United States and from the Sonora Valley in Mexico. This has led the authors to develop new avenues for future research: the representations found in the area trascend Guayabo and become a representation of a language that has been used to record individual and colective lives of humans and other living beings, written en stone.<\/p>\n<p>Our logo was designed by Beatriz Rojas V\u00edquez, inspiraded in the symbolism of the petroglypths of Turrialba\u2019s Guayabo. The design was inspired on the following image, classified in the book with the following description:\u00a0GT-SPN-33,\u00a0MNG-P-30,\u00a0Original size:l 36.9 cm x 33.8 cm<\/p>\n<p><a href=\"https:\/\/roxpublicidade.com.br\/waterlat\/01\/wp-content\/uploads\/2016\/07\/petrograbado.jpg\"><img loading=\"lazy\" decoding=\"async\" class=\" wp-image-2786 aligncenter\" src=\"https:\/\/roxpublicidade.com.br\/waterlat\/01\/wp-content\/uploads\/2016\/07\/petrograbado-300x162.jpg\" alt=\"petrograbado\" width=\"440\" height=\"238\" \/><\/a><\/p>\n<p>&nbsp;<\/p>\n<p><strong>References<\/strong><\/p>\n<p>\u00c1reas Protegidas y Parques Nacionales de Costa Rica \u00c1reas Protegidas y Parques Nacionales de Costa Rica, Monumento Nacional Guayabo. &#8211; \u00c1reas Protegidas, 30 de 06 de 2013. &#8211; 26 de 07 de 2016. Available at: http:\/\/areasyparques.com\/areasprotegidas\/monumento-nacional-guayabo\/.<\/p>\n<p>Arias Quir\u00f3s Ana C, Floria Castrillo Brenes, and Grace Herrera Amighetti, Una historia escrita en piedra. Petrograbados de Guayabo de Turrialba, San Jos\u00e9 : Vicerrector\u00eda de Acci\u00f3n Social. Universidad de Costa Rica, 2012.<\/p>\n<p>&nbsp;<\/p>\n<hr \/>\n<h3><a href=\"https:\/\/roxpublicidade.com.br\/waterlat\/01\/meetings\/public-meetings\/waterlat-gobacit-viii-san-jose-2017\/\">Return to the main page of the VIII International Meeting<\/a><\/h3>\n","protected":false},"excerpt":{"rendered":"<p>Inspiration for the logo The inspiration to develop the logo for the VIII International Meeting of the WATERLAT-GOBACIT Network was taken from petroglyphs found at the Guayabo National Monument, Costa Rica. &nbsp; Turrialba\u2019s Guayabo The Guayabo National Monument is located in the Turrialba canton, province of Cartago, and it is one of the most important [&hellip;]<\/p>\n","protected":false},"author":1,"featured_media":0,"parent":2208,"menu_order":0,"comment_status":"closed","ping_status":"closed","template":"","meta":{"footnotes":""},"class_list":["post-2785","page","type-page","status-publish","hentry"],"_links":{"self":[{"href":"https:\/\/roxpublicidade.com.br\/waterlat\/01\/wp-json\/wp\/v2\/pages\/2785","targetHints":{"allow":["GET"]}}],"collection":[{"href":"https:\/\/roxpublicidade.com.br\/waterlat\/01\/wp-json\/wp\/v2\/pages"}],"about":[{"href":"https:\/\/roxpublicidade.com.br\/waterlat\/01\/wp-json\/wp\/v2\/types\/page"}],"author":[{"embeddable":true,"href":"https:\/\/roxpublicidade.com.br\/waterlat\/01\/wp-json\/wp\/v2\/users\/1"}],"replies":[{"embeddable":true,"href":"https:\/\/roxpublicidade.com.br\/waterlat\/01\/wp-json\/wp\/v2\/comments?post=2785"}],"version-history":[{"count":1,"href":"https:\/\/roxpublicidade.com.br\/waterlat\/01\/wp-json\/wp\/v2\/pages\/2785\/revisions"}],"predecessor-version":[{"id":12866,"href":"https:\/\/roxpublicidade.com.br\/waterlat\/01\/wp-json\/wp\/v2\/pages\/2785\/revisions\/12866"}],"up":[{"embeddable":true,"href":"https:\/\/roxpublicidade.com.br\/waterlat\/01\/wp-json\/wp\/v2\/pages\/2208"}],"wp:attachment":[{"href":"https:\/\/roxpublicidade.com.br\/waterlat\/01\/wp-json\/wp\/v2\/media?parent=2785"}],"curies":[{"name":"wp","href":"https:\/\/api.w.org\/{rel}","templated":true}]}}