{"id":2661,"date":"2016-06-30T20:15:55","date_gmt":"2016-06-30T20:15:55","guid":{"rendered":"http:\/\/waterlat.org\/?page_id=2661"},"modified":"2025-12-11T14:39:16","modified_gmt":"2025-12-11T17:39:16","slug":"ta7-multimedia-gallery","status":"publish","type":"page","link":"https:\/\/roxpublicidade.com.br\/waterlat\/01\/thematic-areas\/ta7\/ta7-multimedia-gallery\/","title":{"rendered":"TA7 &#8211; Multimedia Gallery"},"content":{"rendered":"<h2>Youtube Playlist<\/h2>\n<p>Members of TA7 developed and maintain the Network\u2019s Youtube Channel. The channel features interviews, videos of sessions from the Network\u2019s regular meetings, videos of research activities including interviews, field visits, and other materials. TA7 has also its own Playlist in the Network\u2019s Youtube Channel.<\/p>\n<p><span style=\"text-decoration: underline;\">TA7\u2019s Playlist in the Network\u2019s Youtube Channel<\/span><\/p>\n<p><iframe loading=\"lazy\" src=\"https:\/\/www.youtube.com\/embed\/videoseries?list=PLx6qphzdSP6u_RzjcUyQOWXZ9v3Y-H2kc\" width=\"560\" height=\"315\" frameborder=\"0\" allowfullscreen=\"allowfullscreen\"><\/iframe><\/p>\n<p>&nbsp;<\/p>\n<h2>Flickr photostream albums<\/h2>\n<p>Members of TA7 also developed and maintain the Network\u2019s photostream in Flickr, which features a range of thematic albums.<\/p>\n<p><span style=\"text-decoration: underline;\">Visit the Network\u2019s photostream in Flickr <\/span><\/p>\n<p><a title=\"Projeto Integra\u00e7\u00e3o do Rio S\u00e3o Francisco \/ S\u00e3o Francisco River Integration Project, Para\u00edba, Brasil\" href=\"https:\/\/www.flickr.com\/photos\/125391306@N03\/29111393435\/in\/dateposted-public\/\" data-flickr-embed=\"true\"><img loading=\"lazy\" decoding=\"async\" src=\"https:\/\/c4.staticflickr.com\/9\/8304\/29111393435_a60c950d84_z.jpg\" alt=\"Projeto Integra\u00e7\u00e3o do Rio S\u00e3o Francisco \/ S\u00e3o Francisco River Integration Project, Para\u00edba, Brasil\" width=\"640\" height=\"427\" \/><\/a><script async src=\"\/\/embedr.flickr.com\/assets\/client-code.js\" charset=\"utf-8\"><\/script><\/p>\n<p>&nbsp;<\/p>\n<p><a href=\"https:\/\/roxpublicidade.com.br\/waterlat\/01\/thematic-areas\/ta7\/\">Return to the TA7 Presentation<\/a><\/p>\n","protected":false},"excerpt":{"rendered":"<p>Youtube Playlist Members of TA7 developed and maintain the Network\u2019s Youtube Channel. The channel features interviews, videos of sessions from the Network\u2019s regular meetings, videos of research activities including interviews, field visits, and other materials. TA7 has also its own Playlist in the Network\u2019s Youtube Channel. TA7\u2019s Playlist in the Network\u2019s Youtube Channel &nbsp; Flickr [&hellip;]<\/p>\n","protected":false},"author":1,"featured_media":0,"parent":2652,"menu_order":0,"comment_status":"closed","ping_status":"closed","template":"","meta":{"footnotes":""},"class_list":["post-2661","page","type-page","status-publish","hentry"],"_links":{"self":[{"href":"https:\/\/roxpublicidade.com.br\/waterlat\/01\/wp-json\/wp\/v2\/pages\/2661","targetHints":{"allow":["GET"]}}],"collection":[{"href":"https:\/\/roxpublicidade.com.br\/waterlat\/01\/wp-json\/wp\/v2\/pages"}],"about":[{"href":"https:\/\/roxpublicidade.com.br\/waterlat\/01\/wp-json\/wp\/v2\/types\/page"}],"author":[{"embeddable":true,"href":"https:\/\/roxpublicidade.com.br\/waterlat\/01\/wp-json\/wp\/v2\/users\/1"}],"replies":[{"embeddable":true,"href":"https:\/\/roxpublicidade.com.br\/waterlat\/01\/wp-json\/wp\/v2\/comments?post=2661"}],"version-history":[{"count":1,"href":"https:\/\/roxpublicidade.com.br\/waterlat\/01\/wp-json\/wp\/v2\/pages\/2661\/revisions"}],"predecessor-version":[{"id":13072,"href":"https:\/\/roxpublicidade.com.br\/waterlat\/01\/wp-json\/wp\/v2\/pages\/2661\/revisions\/13072"}],"up":[{"embeddable":true,"href":"https:\/\/roxpublicidade.com.br\/waterlat\/01\/wp-json\/wp\/v2\/pages\/2652"}],"wp:attachment":[{"href":"https:\/\/roxpublicidade.com.br\/waterlat\/01\/wp-json\/wp\/v2\/media?parent=2661"}],"curies":[{"name":"wp","href":"https:\/\/api.w.org\/{rel}","templated":true}]}}