{"id":2637,"date":"2017-09-08T22:29:03","date_gmt":"2017-09-08T22:29:03","guid":{"rendered":"http:\/\/waterlat.org\/es\/?page_id=2637"},"modified":"2017-09-08T22:29:03","modified_gmt":"2017-09-08T22:29:03","slug":"declaracion-santiago-maldonado","status":"publish","type":"page","link":"https:\/\/roxpublicidade.com.br\/waterlat\/01\/es\/declaraciones-publicas-2\/declaracion-santiago-maldonado\/","title":{"rendered":"Declaraci\u00f3n Santiago Maldonado"},"content":{"rendered":"<style>\n.dw_pdf-full {\n        background-color: rgba(251, 116, 116, 0);\n    padding: 8px 51px;\n    color: #b52335;\n    text-decoration: none;\n    border: 2px #b52335 solid;\n    transition: 0.2s all;\n    border-radius: 4px;\n    font-weight: 600;}\n.dw_pdf-full:hover{background-color: #b52335; color:white;}\n.dw_pdf-full i {font-size:25px; vertical-align: bottom; margin-right: 3px;}\n<\/style>\n<p><a class=\"dw_pdf-full\" href=\"https:\/\/roxpublicidade.com.br\/waterlat\/01\/GeneralPDFs\/Declaracion%20080917.pdf\" target=\"_blank\" rel=\"noopener noreferrer\"><i class=\"fa fa-file-pdf-o\"><\/i>PDF<\/a><\/p>\n<p>En una reciente Declaraci\u00f3n emitida por nuestra Red en el marco de su VIII Reuni\u00f3n Internacional, celebrada en San Jos\u00e9 de Costa Rica (3-7 de abril de 2017), reiteramos nuestro apoyo y solidaridad con las v\u00edctimas de los procesos sistem\u00e1ticos de represi\u00f3n que tienen lugar en los distintos territorios de Am\u00e9rica Latina, en un marco de impunidad creciente, y demandamos de los gobiernos de la regi\u00f3n acciones concretas para detener estos procesos, garantizar el derecho a la protesta y la seguridad de la ciudadan\u00eda, esclarecer los cr\u00edmenes y ejercer la justicia. Repetimos aqu\u00ed parte del texto \u00a0, por su pertinencia en referencia al objeto puntual de esta Declaraci\u00f3n:<\/p>\n<p style=\"padding-left: 30px;\">Denunciamos que el uso de la violencia por parte de los distintos estados latinoamericanos, en relaci\u00f3n a la gesti\u00f3n del agua, se trata de una pr\u00e1ctica intencionada y sistem\u00e1tica contra activistas, sindicalistas, defensores de derechos humanos, acad\u00e9micos, estudiantes, comunidades y grupos que resisten el despojo de sus territorios. El uso de la violencia, para acallar denuncias, afectaciones e injusticias h\u00eddricas, es entonces un patr\u00f3n en Am\u00e9rica Latina, y revela el volumen de los intereses pol\u00edticos y econ\u00f3micos que est\u00e1n detr\u00e1s de la gesti\u00f3n del agua; generando, por la v\u00eda de los hechos una presunta \u201cguerra de baja intensidad\u201d. [\u2026] exigimos a los gobiernos, el esclarecimiento inmediato de los diversos cr\u00edmenes cometidos contra activistas, sindicalistas, defensores de derechos humanos, acad\u00e9micos, estudiantes, comunidades y grupos que resisten el despojo de sus territorios; con el correspondiente castigo a sus autores materiales e intelectuales.<\/p>\n<p style=\"padding-left: 60px;\"><em>Declaraci\u00f3n del Plenario de la VIII Reuni\u00f3n de la Red WATERLAT-GOBACIT, \u201cAgua, poder e impunidad: resistencias sociales y alternativas emergentes en la construcci\u00f3n de pol\u00edticas del agua igualitarias e inclusivas\u201d, San Jos\u00e9 de Costa Rica, 6 de abril de 2017. Disponible en: <a href=\"https:\/\/roxpublicidade.com.br\/waterlat\/01\/es\/encuentros\/public-meetings\/waterlat-gobacit-viii-san-jose-2017\/justificacion\">https:\/\/roxpublicidade.com.br\/waterlat\/01\/es\/encuentros\/public-meetings\/waterlat-gobacit-viii-san-jose-2017\/justificacion<\/a>.<\/em><\/p>\n<p>Lamentablemente, los procesos que involucran el uso de la violencia sistem\u00e1tica por parte de los estados contra las comunidades originarias, activistas, periodistas, sindicalistas, acad\u00e9micos y estudiantes, y otros actores involucrados en la defensa de los territorios, de la tierra y el agua, de los bienes comunes y de los bienes p\u00fablicos, y de los derechos humanos m\u00e1s ampliamente, contin\u00faan con altos grados de impunidad en la regi\u00f3n. El caso de Santiago Maldonado, un joven activista de 28 a\u00f1os desaparecido el 1 de agosto de 2017 mientras participaba en una movilizaci\u00f3n de apoyo a la comunidad ind\u00edgena mapuche Pu Lof, en el departamento de Cushamen, provincia de Chubut, en la regi\u00f3n patag\u00f3nica de Argentina, es una de las \u00faltimas manifestaciones de este proceso.<\/p>\n<p>Cabe destacar que la lucha de la comunidad mapuche, que en diferentes formas tiene lugar en Argentina y en Chile simult\u00e1neamente, adem\u00e1s de ser parte de un proceso de reivindicaci\u00f3n hist\u00f3rica de las comunidades originarias de la regi\u00f3n tiene como contexto la profundizaci\u00f3n de la apropiaci\u00f3n de tierras, aguas y recursos naturales por parte de grandes empresas transnacionales e inversores privados en d\u00e9cadas recientes. El caso particular de la comunidad ind\u00edgena mapuche Pu Lof se relaciona con un conflicto originado durante la d\u00e9cada de 1990, cuando en el marco de las reformas neoliberales introducidas por el ex Presidente Carlos Sa\u00fal Menem la empresa multinacional de origen italiano Benetton adquiri\u00f3 900 mil hect\u00e1reas de tierra en la regi\u00f3n, convirti\u00e9ndose en el mayor terrateniente del pa\u00eds, un caso ampliamente estudiado y comentado tanto en Argentina como internacionalmente (ver, por ejemplo, \u201cPatagonia: the last place in earth\u201d, en el libro de Fred Pearce, The Land Grabbers: The New Fight Over Who Owns the Earth, Bosto, MA: Beacon Press, 2008). Desde el a\u00f1o 2015, un grupo mapuche tiene ocupada una secci\u00f3n de la propiedad de Benetton, como parte de su lucha por la recuperaci\u00f3n de sus tierras ancestrales y el reconocimiento de sus derechos. Otro tema que a\u00f1ade preocupaci\u00f3n es el an\u00e1lisis hecho por las instituciones defensoras de los derechos humanos en la Argentina, que advierten la posible conexi\u00f3n entre la violencia represiva ampliada de las \u00faltimas semanas y la disputa pendiente de resoluci\u00f3n en el Congreso Nacional en torno a la Ley 26.160 que declar\u00f3 \u201cla emergencia en materia de posesi\u00f3n y propiedad de las tierras que tradicionalmente ocupan las comunidades ind\u00edgenas originarias del pa\u00eds\u201d, sancionada en el a\u00f1o 2006, prorrogada en 2009 y 2013, la cual suspende el desalojo de comunidades ind\u00edgenas, que seg\u00fan el Censo Nacional de 2010 alcanzar\u00edan una poblaci\u00f3n de cerca de 1 mill\u00f3n de personas. El per\u00edodo de emergencia declarado por la ley, tras las pr\u00f3rrogas vence el 23 de noviembre de 2017 y seg\u00fan los analistas existe fuerte presi\u00f3n por parte de poderosos grupos privados para que la misma sea prorrogada indefinidamente, algo que consideran favorece sus intereses en el largo plazo, debido a la inefectividad de dicha ley para proteger los derechos de las comunidades originarias.<\/p>\n<p>En perspectiva, la represi\u00f3n contra la comunidad mapuche Pu Lof el 1 de agosto de 2017, con la desaparici\u00f3n de Santiago Maldonado, se suma a una larga lista de eventos de represi\u00f3n y desaparici\u00f3n forzada organizados y justificados por los estados de la regi\u00f3n. Sin embargo, en aspectos muy importantes, el caso de Santiago Maldonado asume una relevancia muy significativa, debido al papel jugado por la Argentina en d\u00e9cadas recientes en la lucha contra las violaciones a los Derechos Humanos, un papel destacado y reconocido internacionalmente, pero que en el contexto pol\u00edtico actual parece encontrarse en serio peligro. La desaparici\u00f3n forzada de Santiago Maldonado es parte de una serie de eventos que indican que la Argentina podr\u00eda encontrarse en un proceso de r\u00e1pido retroceso en relaci\u00f3n a la defensa de los Derechos Humanos, el respeto al Estado de Derecho y a las garant\u00edas democr\u00e1ticas. En este sentido, las instituciones de derechos humanos de la Argentina se han movilizado r\u00e1pidamente para demandar el esclarecimiento de los hechos por parte del Estado Argentino y la aparici\u00f3n de Santiago Maldonado, lo que incluy\u00f3 una marcha masiva en distintas ciudades de Argentina el viernes 1 de septiembre de 2017, que incluy\u00f3 actos de represi\u00f3n policial contra manifestantes y periodistas y maniobras medi\u00e1ticas por parte de las autoridades para desacreditar el car\u00e1cter genuino de la movilizaci\u00f3n. M\u00e1s recientemente, el Comit\u00e9 de las Naciones Unidas contra las Desapariciones Forzadas anunci\u00f3 una Acci\u00f3n Urgente para exigir informaci\u00f3n sobre el paradero de Santiago Maldonado y la investigaci\u00f3n de los hechos por parte del Estado Argentino.<\/p>\n<p>&nbsp;<\/p>\n<p><strong>Por lo tanto:<\/strong><\/p>\n<p>Reiteramos nuestra denuncia del uso de la violencia por parte de los estados latinoamericanos como una pr\u00e1ctica intencionada y sistem\u00e1tica contra activistas, sindicalistas, defensores de derechos humanos, acad\u00e9micos, estudiantes, comunidades y grupos que resisten el despojo de sus territorios.<\/p>\n<p>Exigimos al gobierno de la Rep\u00fablica Argentina y a la empresa multinacional Benetton que aclaren la situaci\u00f3n de la desaparici\u00f3n forzada de Santiago Maldonado, e implementen acciones urgentes para resolver definitivamente el conflicto por la tierra, el agua y los recursos naturales que afecta a las comunidades originarias en la Patagonia.<\/p>\n<p>Tambi\u00e9n reiteramos nuestra demanda a las instituciones internacionales que contin\u00faan apoyando las pol\u00edticas de apropiaci\u00f3n privada del agua, de la tierra y de los recursos naturales, como el Foro Econ\u00f3mico Mundial, el Foro Mundial del Agua, y las instituciones financieras internacionales como el Banco Mundial, para que cesen en su promoci\u00f3n activa y\/o el financiamiento de pol\u00edticas de privatizaci\u00f3n y mercantilizaci\u00f3n de dichos bienes, pol\u00edticas que constituyen el origen de gran parte de la violencia que afecta a las comunidades de Am\u00e9rica Latina.<\/p>\n<p>Finalmente, reiteramos tambi\u00e9n nuestra exigencia a los gobiernos de la regi\u00f3n por el esclarecimiento inmediato de los diversos cr\u00edmenes cometidos contra activistas, sindicalistas, defensores de derechos humanos, acad\u00e9micos, estudiantes, comunidades y grupos que resisten el despojo de sus territorios; con el correspondiente castigo a sus autores materiales e intelectuales.<\/p>\n<p>Red WATERLAT-GOBACIT, 8 de septiembre de 2017<\/p>\n","protected":false},"excerpt":{"rendered":"<p>PDF En una reciente Declaraci\u00f3n emitida por nuestra Red en el marco de su VIII Reuni\u00f3n Internacional, celebrada en San Jos\u00e9 de Costa Rica (3-7 de abril de 2017), reiteramos nuestro apoyo y solidaridad con las v\u00edctimas de los procesos sistem\u00e1ticos de represi\u00f3n que tienen lugar en los distintos territorios de Am\u00e9rica Latina, en un [&hellip;]<\/p>\n","protected":false},"author":1,"featured_media":0,"parent":2232,"menu_order":0,"comment_status":"closed","ping_status":"closed","template":"page-templates\/full-width.php","meta":{"footnotes":""},"class_list":["post-2637","page","type-page","status-publish","hentry"],"_links":{"self":[{"href":"https:\/\/roxpublicidade.com.br\/waterlat\/01\/wp-json\/wp\/v2\/pages\/2637","targetHints":{"allow":["GET"]}}],"collection":[{"href":"https:\/\/roxpublicidade.com.br\/waterlat\/01\/wp-json\/wp\/v2\/pages"}],"about":[{"href":"https:\/\/roxpublicidade.com.br\/waterlat\/01\/wp-json\/wp\/v2\/types\/page"}],"author":[{"embeddable":true,"href":"https:\/\/roxpublicidade.com.br\/waterlat\/01\/wp-json\/wp\/v2\/users\/1"}],"replies":[{"embeddable":true,"href":"https:\/\/roxpublicidade.com.br\/waterlat\/01\/wp-json\/wp\/v2\/comments?post=2637"}],"version-history":[{"count":0,"href":"https:\/\/roxpublicidade.com.br\/waterlat\/01\/wp-json\/wp\/v2\/pages\/2637\/revisions"}],"up":[{"embeddable":true,"href":"https:\/\/roxpublicidade.com.br\/waterlat\/01\/wp-json\/wp\/v2\/pages\/2232"}],"wp:attachment":[{"href":"https:\/\/roxpublicidade.com.br\/waterlat\/01\/wp-json\/wp\/v2\/media?parent=2637"}],"curies":[{"name":"wp","href":"https:\/\/api.w.org\/{rel}","templated":true}]}}