{"id":2529,"date":"2018-05-16T16:21:34","date_gmt":"2018-05-16T16:21:34","guid":{"rendered":"http:\/\/waterlat.org\/pt\/?page_id=2529"},"modified":"2018-05-16T16:21:34","modified_gmt":"2018-05-16T16:21:34","slug":"agua-y-megaproyectos","status":"publish","type":"page","link":"https:\/\/roxpublicidade.com.br\/waterlat\/01\/pt\/publicacoes\/livros\/agua-y-megaproyectos\/","title":{"rendered":"\u00c1gua e Megaprojetos de Minera\u00e7\u00e3o na Am\u00e9rica Latina (em espanhol)"},"content":{"rendered":"<style>\n.dw_pdf-full {\n    background-color: rgba(251, 116, 116, 0);\n    padding: 8px 20px;\n    color: #b52335;\n    text-decoration: none;\n    border: 2px #b52335 solid;\n    transition: 0.2s all;\n    border-radius: 4px;\n    font-weight: 600;\nmargin:0px 5px;}\n.dw_pdf-full:hover{background-color: #b52335; color:white;}\n.dw_pdf-full i {font-size:25px; vertical-align: bottom; margin-right: 3px;}\n<\/style>\n<p><a href=\"https:\/\/roxpublicidade.com.br\/waterlat\/01\/wp-content\/uploads\/2018\/05\/AyT_01_Agua_megamineria_PRESS1.jpg\"><img loading=\"lazy\" decoding=\"async\" src=\"https:\/\/roxpublicidade.com.br\/waterlat\/01\/wp-content\/uploads\/2018\/05\/AyT_01_Agua_megamineria_PRESS1-216x300.jpg\" alt=\"\" width=\"216\" height=\"300\" class=\"alignnone size-medium wp-image-4839\" srcset=\"https:\/\/roxpublicidade.com.br\/waterlat\/01\/wp-content\/uploads\/2018\/05\/AyT_01_Agua_megamineria_PRESS1-216x300.jpg 216w, https:\/\/roxpublicidade.com.br\/waterlat\/01\/wp-content\/uploads\/2018\/05\/AyT_01_Agua_megamineria_PRESS1-737x1024.jpg 737w, https:\/\/roxpublicidade.com.br\/waterlat\/01\/wp-content\/uploads\/2018\/05\/AyT_01_Agua_megamineria_PRESS1-768x1067.jpg 768w, https:\/\/roxpublicidade.com.br\/waterlat\/01\/wp-content\/uploads\/2018\/05\/AyT_01_Agua_megamineria_PRESS1.jpg 914w\" sizes=\"auto, (max-width: 216px) 100vw, 216px\" \/><\/a><\/p>\n<p><\/br><br \/>\n<span style=\"line-height: 1.714285714; font-size: 1rem;\">Lorena Bottaro e Marian Sol\u00e1 \u00c1lvarez (Eds.)<\/span> <span style=\"text-decoration: underline;\"> \u00c1gua e Megaprojetos de Minera\u00e7\u00e3o na Am\u00e9rica Latina<\/span><span style=\"line-height: 1.714285714; font-size: 1rem;\"> (em espanhol) (ISBN 978-987-630-286-9), Los Polvorines, Buenos Aires, Argentina: <\/span><a style=\"line-height: 1.714285714; font-size: 1rem;\" href=\"http:\/\/ http:\/\/www.ungs.edu.ar\/ms_publicaciones\/\">Ediciones UNGS, Universidad Nacional de General Sarmiento (UNGS) <\/a><span style=\"line-height: 1.714285714; font-size: 1rem;\"> e Rede WATERLAT-GOBACIT, 2018. DOI: 10.5072\/zenodo.217575.<\/span><\/p>\n<p>&nbsp;<br \/>\nEste livro \u00e9 um produto do  <a href=\" https:\/\/roxpublicidade.com.br\/waterlat\/01\/pt\/projetos\/lanace\/\">Projeto LANACE<\/a> da Rede WATERLAT-GOBACIT.<\/p>\n<p><\/br><\/p>\n<h3>Descargar<\/h3>\n<p><a href=\"https:\/\/clacso.org.ar\/biblioteca_ungs\/detalle.php?id_libro=2680\" class=\"dw_pdf-full\" target=\"_blank\" rel=\"noopener\"><i class=\"fa fa-file-pdf-o\" aria-hidden=\"true\" fa-3x><\/i><\/a><\/p>\n<p><\/br><br \/>\n<\/br><\/p>\n<h3>V\u00eddeo de apresenta\u00e7\u00e3o pelas Editoras<\/h3>\n<p><iframe loading=\"lazy\" src=\"https:\/\/www.youtube.com\/embed\/0FtS-2Cmujk\" width=\"560\" height=\"315\" frameborder=\"0\" allowfullscreen=\"allowfullscreen\"><\/iframe><\/p>\n","protected":false},"excerpt":{"rendered":"<p>Lorena Bottaro e Marian Sol\u00e1 \u00c1lvarez (Eds.) \u00c1gua e Megaprojetos de Minera\u00e7\u00e3o na Am\u00e9rica Latina (em espanhol) (ISBN 978-987-630-286-9), Los Polvorines, Buenos Aires, Argentina: Ediciones UNGS, Universidad Nacional de General Sarmiento (UNGS) e Rede WATERLAT-GOBACIT, 2018. DOI: 10.5072\/zenodo.217575. &nbsp; Este livro \u00e9 um produto do Projeto LANACE da Rede WATERLAT-GOBACIT. Descargar V\u00eddeo de apresenta\u00e7\u00e3o pelas [&hellip;]<\/p>\n","protected":false},"author":1,"featured_media":0,"parent":22,"menu_order":0,"comment_status":"closed","ping_status":"closed","template":"page-templates\/full-width.php","meta":{"footnotes":""},"class_list":["post-2529","page","type-page","status-publish","hentry"],"_links":{"self":[{"href":"https:\/\/roxpublicidade.com.br\/waterlat\/01\/wp-json\/wp\/v2\/pages\/2529","targetHints":{"allow":["GET"]}}],"collection":[{"href":"https:\/\/roxpublicidade.com.br\/waterlat\/01\/wp-json\/wp\/v2\/pages"}],"about":[{"href":"https:\/\/roxpublicidade.com.br\/waterlat\/01\/wp-json\/wp\/v2\/types\/page"}],"author":[{"embeddable":true,"href":"https:\/\/roxpublicidade.com.br\/waterlat\/01\/wp-json\/wp\/v2\/users\/1"}],"replies":[{"embeddable":true,"href":"https:\/\/roxpublicidade.com.br\/waterlat\/01\/wp-json\/wp\/v2\/comments?post=2529"}],"version-history":[{"count":0,"href":"https:\/\/roxpublicidade.com.br\/waterlat\/01\/wp-json\/wp\/v2\/pages\/2529\/revisions"}],"up":[{"embeddable":true,"href":"https:\/\/roxpublicidade.com.br\/waterlat\/01\/wp-json\/wp\/v2\/pages\/22"}],"wp:attachment":[{"href":"https:\/\/roxpublicidade.com.br\/waterlat\/01\/wp-json\/wp\/v2\/media?parent=2529"}],"curies":[{"name":"wp","href":"https:\/\/api.w.org\/{rel}","templated":true}]}}