{"id":2217,"date":"2017-03-22T19:01:41","date_gmt":"2017-03-22T19:01:41","guid":{"rendered":"http:\/\/waterlat.org\/es\/?page_id=2217"},"modified":"2017-03-22T19:01:41","modified_gmt":"2017-03-22T19:01:41","slug":"dia-mundial-agua-2017","status":"publish","type":"page","link":"https:\/\/roxpublicidade.com.br\/waterlat\/01\/es\/dia-mundial-agua-2017\/","title":{"rendered":"Una Reflexi\u00f3n en el D\u00eda Mundial del Agua de 2017"},"content":{"rendered":"<p><strong>Una Reflexi\u00f3n en el D\u00eda Mundial del Agua de 2017<\/strong><\/p>\n<p>En el <strong>D\u00eda Mundial del Agua de 2017<\/strong>, aprovechamos las lecciones que nos siguen llegando desde el Norte Global para que evitemos seguir cometiendo los mismos errores en la pol\u00edtica y la gesti\u00f3n del agua a nivel mundial. Hoy, el peri\u00f3dico brit\u00e1nico <a href=\"https:\/\/www.theguardian.com\/\">The Guardian<\/a> public\u00f3 un informe sobre una multa sin precedentes\u00a0aplicada a la empresa privada de agua y saneamiento de Londres por no cumplir con los est\u00e1ndares ambientales. El art\u00edculo se refiere a &#8220;enormes descargas de l\u00edquidos cloacales sin tratar [volcados] al R\u00edo T\u00e1mesis y sus tributarios y sobre el suelo [\u2026 que] tuvieron serios impactos sobre los residentes, los productores agr\u00edcolas y la vida silvestre, matando aves y peces\u201d. El informe cita a la Agencia Ambiental del Reino Unido que declar\u00f3 que dichos eventos fueron \u201ccatastr\u00f3ficos\u201d, y al Juez Francis Sheridan, quien dijo \u201cEsta es una situaci\u00f3n chocante y desgraciada. No deber\u00eda ser m\u00e1s barato ofender que tomar las precauciones apropiadas\u201d. <a href=\"https:\/\/www.theguardian.com\/environment\/2017\/mar\/22\/thames-water-hit-with-record-fine-for-huge-sewage-leaks\">Lea aqu\u00ed el informe completo<\/a>.<br \/>\nLos eventos a los que se refiere el informe forman\u00a0parte de un patr\u00f3n de largo plazo, un problema estructural, ya que, a pesar de recibir previas multas y llamados de atenci\u00f3n, la compa\u00f1\u00eda no mejor\u00f3 sus est\u00e1ndares durante casi tres d\u00e9cadas de existencia. De hecho, despu\u00e9s de casi tres d\u00e9cadas de implementaci\u00f3n implacable de pol\u00edticas de privatizaci\u00f3n en el sector de los servicios de agua y saneamiento a nivel global, la evidencia de que \u00e9ste no es el camino a seguir sigue acumul\u00e1ndose. Miembros del <a href=\"https:\/\/roxpublicidade.com.br\/waterlat\/01\/es\/areas-tematicas\/at3\/\">\u00c1rea Tem\u00e1tica 3<\/a> de la Red WATERLAT-GOBACIT vienen contribuyendo a este debate desde hace mucho tiempo, por ejemplo a trav\u00e9s del <a href=\"http:\/\/www.prinwass.org\">Proyecto PRINWASS<\/a> y nuestras <a href=\"https:\/\/roxpublicidade.com.br\/waterlat\/01\/es\/publicaciones\/\">Publicaciones<\/a>, incluyendo nuestra Serie de <a href=\"https:\/\/roxpublicidade.com.br\/waterlat\/01\/es\/publicaciones\/cuadernos-de-trabajo\/\">Cuadernos de Trabajo<\/a>.<\/p>\n<p><span style=\"text-decoration: underline;\">Fotograf\u00eda<\/span>: Acad\u00e9micos del Proyecto PRINWASS participando con movimientos sociales y organizaciones de la sociedad civil en demostraciones contra la privatizaci\u00f3n del agua, Foro Social Mundial, Porto Alegre, Brasil, 23 de enero de 2003.<br \/>\n<a title=\"PRINWASS en el Foro Social Mundial 2003 \/ PRINWASS in the 2003 World Social Forum, Porto Alegre, Brasil, enero de 2003\" href=\"https:\/\/www.flickr.com\/photos\/125391306@N03\/14373246399\/in\/album-72157645046774607\/\" data-flickr-embed=\"true\"><img loading=\"lazy\" decoding=\"async\" src=\"https:\/\/c1.staticflickr.com\/4\/3849\/14373246399_b671504269_k.jpg\" alt=\"PRINWASS en el Foro Social Mundial 2003 \/ PRINWASS in the 2003 World Social Forum, Porto Alegre, Brasil, enero de 2003\" width=\"2048\" height=\"1536\" \/><\/a><script async src=\"\/\/embedr.flickr.com\/assets\/client-code.js\" charset=\"utf-8\"><\/script><br \/>\n<span style=\"text-decoration: underline;\">Fuente<\/span>: Colecci\u00f3n de la Red WATERLAT-GOBACIT en Flickr.<\/p>\n<p>Es urgente continuar trabajando en exponer el mito y las mentiras asociadas con la promoci\u00f3n de la privatizaci\u00f3n, en sus diferentes formas, como la soluci\u00f3n o incluso la \u00fanica v\u00eda para lograr la universalizaci\u00f3n del acceso a los servicios esenciales de agua y saneamiento en condiciones de sustentabilidad socio-ambiental. La llegada al poder en muchos pa\u00edses, desde Estados Unidos a Argentina, de gobiernos orientados a la defensa de la acumulaci\u00f3n privada de la riqueza y al sistem\u00e1tico desprestigio de lo P\u00fablico y de lo Com\u00fan, como idea y como pr\u00e1ctica, pone en serio peligro la implementaci\u00f3n del <a href=\"http:\/\/www.un.org\/es\/comun\/docs\/index.asp?symbol=A\/RES\/64\/292&amp;referer=http:\/\/www.un.org\/waterforlifedecade\/human_right_to_water.shtml&amp;Lang=S\">Derecho Humano al Agua<\/a> y el logro de los nuevos <a href=\"http:\/\/www.un.org\/sustainabledevelopment\/es\/\">Objetivos de Desarrollo Sustentable (ODS)<\/a>. Ser\u00eda un error permanecer indiferentes y permitir que estas pol\u00edticas neoprivatistas sigan implement\u00e1ndose, ya que los resultados negativos est\u00e1n a la vista y muy bien documentados. En el <strong>D\u00eda Mundial del Agua de 2017<\/strong> digamos <strong>NO<\/strong> <strong>a la acumulaci\u00f3n privada del agua y sus beneficios<\/strong>, en todas sus formas, y contribuyamos a <strong>defender y recuperar al agua como un bien com\u00fan, p\u00fablico, un derecho ciudadano, un derecho humano<\/strong>, cuyo control, gobierno y distribuci\u00f3n deben estar sujetos a los <strong>principios de la igualdad, la solidaridad y la inclusi\u00f3n<\/strong>, y no a los principios del mercado que privilegian la acumulaci\u00f3n privada de ganancia por sobre la distribuci\u00f3n social de la riqueza, incluyendo la riqueza h\u00eddrica. Que el <strong>D\u00eda Mundial del Agua de 2017<\/strong> nos sirva para reforzar nuestro compromiso con la <strong>democratizaci\u00f3n substantiva de la pol\u00edtica y la gesti\u00f3n del agua y de nuestras sociedades<\/strong>.<\/p>\n<p>&nbsp;<\/p>\n<p>Coordinaci\u00f3n de la Red WATERLAT-GOBACIT, 22 de marzo de 2017<\/p>\n","protected":false},"excerpt":{"rendered":"<p>Una Reflexi\u00f3n en el D\u00eda Mundial del Agua de 2017 En el D\u00eda Mundial del Agua de 2017, aprovechamos las lecciones que nos siguen llegando desde el Norte Global para que evitemos seguir cometiendo los mismos errores en la pol\u00edtica y la gesti\u00f3n del agua a nivel mundial. Hoy, el peri\u00f3dico brit\u00e1nico The Guardian public\u00f3 [&hellip;]<\/p>\n","protected":false},"author":1,"featured_media":0,"parent":0,"menu_order":0,"comment_status":"closed","ping_status":"closed","template":"page-templates\/full-width.php","meta":{"footnotes":""},"class_list":["post-2217","page","type-page","status-publish","hentry"],"_links":{"self":[{"href":"https:\/\/roxpublicidade.com.br\/waterlat\/01\/wp-json\/wp\/v2\/pages\/2217","targetHints":{"allow":["GET"]}}],"collection":[{"href":"https:\/\/roxpublicidade.com.br\/waterlat\/01\/wp-json\/wp\/v2\/pages"}],"about":[{"href":"https:\/\/roxpublicidade.com.br\/waterlat\/01\/wp-json\/wp\/v2\/types\/page"}],"author":[{"embeddable":true,"href":"https:\/\/roxpublicidade.com.br\/waterlat\/01\/wp-json\/wp\/v2\/users\/1"}],"replies":[{"embeddable":true,"href":"https:\/\/roxpublicidade.com.br\/waterlat\/01\/wp-json\/wp\/v2\/comments?post=2217"}],"version-history":[{"count":0,"href":"https:\/\/roxpublicidade.com.br\/waterlat\/01\/wp-json\/wp\/v2\/pages\/2217\/revisions"}],"wp:attachment":[{"href":"https:\/\/roxpublicidade.com.br\/waterlat\/01\/wp-json\/wp\/v2\/media?parent=2217"}],"curies":[{"name":"wp","href":"https:\/\/api.w.org\/{rel}","templated":true}]}}