{"id":2052,"date":"2015-09-16T15:42:53","date_gmt":"2015-09-16T15:42:53","guid":{"rendered":"http:\/\/waterlat.org\/?page_id=2052"},"modified":"2025-12-11T11:35:47","modified_gmt":"2025-12-11T14:35:47","slug":"the-right-to-water-in-portuguese","status":"publish","type":"page","link":"https:\/\/roxpublicidade.com.br\/waterlat\/01\/publications\/books\/the-right-to-water-in-portuguese\/","title":{"rendered":"The Right to Water as Public Policy in Latin America: a Theoretical and Empirical Exploration (in Portuguese)"},"content":{"rendered":"<p><a href=\"https:\/\/roxpublicidade.com.br\/waterlat\/01\/wp-content\/uploads\/2015\/04\/Capa-O-Direito-\u00e0-\u00e1gua.jpg\"><img loading=\"lazy\" decoding=\"async\" class=\"alignnone size-medium wp-image-1938\" src=\"https:\/\/roxpublicidade.com.br\/waterlat\/01\/wp-content\/uploads\/2015\/04\/Capa-O-Direito-\u00e0-\u00e1gua-300x138.jpg\" alt=\"Capa - O Direito \u00e0 \u00e1gua\" width=\"300\" height=\"138\" \/><\/a><\/p>\n<p>Jos\u00e9 Esteban Castro, L\u00e9o Heller, and Mar\u00eda da Piedade Morais (Eds.),\u00a0<span style=\"text-decoration: underline;\">The Right to Water as Public Policy in Latin America: a Theoretical and Empirical Exploration<\/span>\u00a0[in Portuguese], Brasilia: Institute of Applied Economic Research (IPEA) &#8211; WATERLAT-GOBACIT Network, 2015. DOI: 10.5281\/zenodo.55852. <a href=\"http:\/\/www.ipea.gov.br\/portal\/index.php?option=com_content&amp;view=article&amp;id=25137&amp;Itemid=383\">Available here in pdf and epub formats<\/a>.<\/p>\n<p>&nbsp;<\/p>\n<p><em>\u201cThis book, the result of a collaboration between IPEA&#8217;s Directorate of Regional, Urban, and Environmental Studies and Policies (DIRUR) and the WATERLAT-GOBACIT Network, addresses issues that are fundamental to understand the challenges facing, in practical terms, the materialization of public policies oriented towards implementing the human right to water. The chapters, focused on Latin American cases, have an interdisciplinary approach involving perspectives from Law, Anthropology, Economics, Sociology, Political Science, Geography, technical disciplines, specially Sanitary Engineering, and Public Policy more generally. We trust that the collection will make an important contribution to the contemporary debate over the design and implementation of public policies oriented at advancing the democratization of the management and the access to water in Brazil and worldwide. We wish you all a fruitful reading!\u201d<\/em> <strong>Jess\u00e9 Souza<\/strong>, President, Institute of Applied Economic Research<\/p>\n<p><span style=\"text-decoration: underline;\">Video presentation<\/span>:<\/p>\n<p><iframe loading=\"lazy\" src=\"https:\/\/www.youtube.com\/embed\/90LyW6W7Tes?list=PLx6qphzdSP6tRENnfg6Df0smjG7MFCM9s\" width=\"241\" height=\"140\" frameborder=\"0\" allowfullscreen=\"allowfullscreen\"><\/iframe><\/p>\n<p>&nbsp;<\/p>\n<p><span style=\"text-decoration: underline;\">TV Programe Panorama IPEA about the Right to Water, presenting the book<\/span>:<\/p>\n<p><iframe loading=\"lazy\" src=\"https:\/\/www.youtube.com\/embed\/yiMsm6ZuX6Y\" width=\"270\" height=\"157\" frameborder=\"0\" allowfullscreen=\"allowfullscreen\"><\/iframe><\/p>\n<p>&nbsp;<\/p>\n<p><span style=\"text-decoration: underline;\"><strong><a href=\"http:\/\/desafios.ipea.gov.br\/index.php?option=com_content&amp;view=article&amp;id=3172&amp;catid=28&amp;Itemid=39\">Article presenting the book in Challenges of Development, Institute of Applied Economic Research (IPEA)<\/a><\/strong><\/span><\/p>\n<p><span style=\"text-decoration: underline;\"><strong>Events to present the book<\/strong><\/span> <a href=\"https:\/\/roxpublicidade.com.br\/waterlat\/01\/publications\/books\/the-right-to-water-in-portuguese\/presentation-of-the-book-the-right-to-water-brasilia-10-september-2015\/\">Auditorium of the Institute of Applied Economic Research (IPEA), Brasilia, 10 September 2015<\/a>.<\/p>\n","protected":false},"excerpt":{"rendered":"<p>Jos\u00e9 Esteban Castro, L\u00e9o Heller, and Mar\u00eda da Piedade Morais (Eds.),\u00a0The Right to Water as Public Policy in Latin America: a Theoretical and Empirical Exploration\u00a0[in Portuguese], Brasilia: Institute of Applied Economic Research (IPEA) &#8211; WATERLAT-GOBACIT Network, 2015. DOI: 10.5281\/zenodo.55852. Available here in pdf and epub formats. &nbsp; \u201cThis book, the result of a collaboration between [&hellip;]<\/p>\n","protected":false},"author":1,"featured_media":0,"parent":49,"menu_order":0,"comment_status":"closed","ping_status":"closed","template":"","meta":{"footnotes":""},"class_list":["post-2052","page","type-page","status-publish","hentry"],"_links":{"self":[{"href":"https:\/\/roxpublicidade.com.br\/waterlat\/01\/wp-json\/wp\/v2\/pages\/2052","targetHints":{"allow":["GET"]}}],"collection":[{"href":"https:\/\/roxpublicidade.com.br\/waterlat\/01\/wp-json\/wp\/v2\/pages"}],"about":[{"href":"https:\/\/roxpublicidade.com.br\/waterlat\/01\/wp-json\/wp\/v2\/types\/page"}],"author":[{"embeddable":true,"href":"https:\/\/roxpublicidade.com.br\/waterlat\/01\/wp-json\/wp\/v2\/users\/1"}],"replies":[{"embeddable":true,"href":"https:\/\/roxpublicidade.com.br\/waterlat\/01\/wp-json\/wp\/v2\/comments?post=2052"}],"version-history":[{"count":1,"href":"https:\/\/roxpublicidade.com.br\/waterlat\/01\/wp-json\/wp\/v2\/pages\/2052\/revisions"}],"predecessor-version":[{"id":12978,"href":"https:\/\/roxpublicidade.com.br\/waterlat\/01\/wp-json\/wp\/v2\/pages\/2052\/revisions\/12978"}],"up":[{"embeddable":true,"href":"https:\/\/roxpublicidade.com.br\/waterlat\/01\/wp-json\/wp\/v2\/pages\/49"}],"wp:attachment":[{"href":"https:\/\/roxpublicidade.com.br\/waterlat\/01\/wp-json\/wp\/v2\/media?parent=2052"}],"curies":[{"name":"wp","href":"https:\/\/api.w.org\/{rel}","templated":true}]}}