{"id":1990,"date":"2017-04-11T21:14:52","date_gmt":"2017-04-11T21:14:52","guid":{"rendered":"http:\/\/waterlat.org\/pt\/?page_id=1990"},"modified":"2017-04-11T21:14:52","modified_gmt":"2017-04-11T21:14:52","slug":"competicao-de-curta-metragens-2016-17-3","status":"publish","type":"page","link":"https:\/\/roxpublicidade.com.br\/waterlat\/01\/pt\/competicao-de-curta-metragens-2016-17-3\/","title":{"rendered":"Competi\u00e7\u00e3o de Curta-metragens old"},"content":{"rendered":"<p>Desde\u00a02015 a Rede organiza regularmente uma Competi\u00e7\u00e3o de Curta-metragens, que faz parte das atividades de nossa <a href=\"https:\/\/roxpublicidade.com.br\/waterlat\/01\/pt\/areas-tematicas\/at7\/\">\u00c1rea Tem\u00e1tica 7, Arte, Comunica\u00e7\u00e3o, Cultura, e Educa\u00e7\u00e3o<\/a>.<\/p>\n<p><strong>Visite as p\u00e1ginas individuais de nossas Competi\u00e7\u00f5es de Curta-metragens<\/strong><\/p>\n<h3><a href=\"https:\/\/roxpublicidade.com.br\/waterlat\/01\/pt\/encontros\/encontros-abertos\/waterlat-gobacit-viii-san-jose-2017\/competicao-de-curta-metragems-2016-17-regras-da-competicao\/\">Competi\u00e7\u00e3o de Curta-metragens 2016-17<\/a><\/h3>\n<h3><a href=\"https:\/\/roxpublicidade.com.br\/waterlat\/01\/pt\/encontros\/encontros-abertos\/waterlat-gobacit-2015\/competicao-de-curta-metragems-2015\/\">Competi\u00e7\u00e3o de Curta-metragens 2015<\/a><\/h3>\n<p>&nbsp;<\/p>\n<p><strong>Todos os v\u00eddeos participantes s\u00e3o exhibidos nas listas de reprodu\u00e7\u00e3o relevantes em nosso Canal de Youtube:<\/strong><\/p>\n<h3><a href=\"https:\/\/www.youtube.com\/playlist?list=PLx6qphzdSP6tWe7bXKU_v4vP8eg0ct7Pz\">Lista de Reprodu\u00e7\u00e3o da Competi\u00e7\u00e3o de Curta-metragens 2016-17<\/a><\/h3>\n<h3><a href=\"https:\/\/www.youtube.com\/playlist?list=PLx6qphzdSP6v9cqqLMKGe-yAS6aQ0S7B-\">Lista de Reprodu\u00e7\u00e3o da Competi\u00e7\u00e3o de Curta-metragens 2015<\/a><\/h3>\n<h3><a href=\"https:\/\/www.youtube.com\/playlist?list=PLx6qphzdSP6u_RzjcUyQOWXZ9v3Y-H2kc\">Lista de Reprodu\u00e7\u00e3o da \u00c1rea Tem\u00e1tica 7<\/a><\/h3>\n","protected":false},"excerpt":{"rendered":"<p>Desde\u00a02015 a Rede organiza regularmente uma Competi\u00e7\u00e3o de Curta-metragens, que faz parte das atividades de nossa \u00c1rea Tem\u00e1tica 7, Arte, Comunica\u00e7\u00e3o, Cultura, e Educa\u00e7\u00e3o. Visite as p\u00e1ginas individuais de nossas Competi\u00e7\u00f5es de Curta-metragens Competi\u00e7\u00e3o de Curta-metragens 2016-17 Competi\u00e7\u00e3o de Curta-metragens 2015 &nbsp; Todos os v\u00eddeos participantes s\u00e3o exhibidos nas listas de reprodu\u00e7\u00e3o relevantes em nosso [&hellip;]<\/p>\n","protected":false},"author":1,"featured_media":0,"parent":0,"menu_order":0,"comment_status":"closed","ping_status":"closed","template":"page-templates\/full-width.php","meta":{"footnotes":""},"class_list":["post-1990","page","type-page","status-publish","hentry"],"_links":{"self":[{"href":"https:\/\/roxpublicidade.com.br\/waterlat\/01\/wp-json\/wp\/v2\/pages\/1990","targetHints":{"allow":["GET"]}}],"collection":[{"href":"https:\/\/roxpublicidade.com.br\/waterlat\/01\/wp-json\/wp\/v2\/pages"}],"about":[{"href":"https:\/\/roxpublicidade.com.br\/waterlat\/01\/wp-json\/wp\/v2\/types\/page"}],"author":[{"embeddable":true,"href":"https:\/\/roxpublicidade.com.br\/waterlat\/01\/wp-json\/wp\/v2\/users\/1"}],"replies":[{"embeddable":true,"href":"https:\/\/roxpublicidade.com.br\/waterlat\/01\/wp-json\/wp\/v2\/comments?post=1990"}],"version-history":[{"count":0,"href":"https:\/\/roxpublicidade.com.br\/waterlat\/01\/wp-json\/wp\/v2\/pages\/1990\/revisions"}],"wp:attachment":[{"href":"https:\/\/roxpublicidade.com.br\/waterlat\/01\/wp-json\/wp\/v2\/media?parent=1990"}],"curies":[{"name":"wp","href":"https:\/\/api.w.org\/{rel}","templated":true}]}}