{"id":1955,"date":"2016-09-25T16:30:08","date_gmt":"2016-09-25T16:30:08","guid":{"rendered":"http:\/\/waterlat.org\/es\/?page_id=1955"},"modified":"2016-09-25T16:30:08","modified_gmt":"2016-09-25T16:30:08","slug":"concurso-2016-17","status":"publish","type":"page","link":"https:\/\/roxpublicidade.com.br\/waterlat\/01\/es\/concurso-de-cortometrajes\/concurso-2016-17\/","title":{"rendered":"Concurso de Cortometrajes 2016-17"},"content":{"rendered":"<h3>Primer Premio<\/h3>\n<p><iframe loading=\"lazy\" src=\"https:\/\/www.youtube.com\/embed\/Wb5rmdPj_B4?list=PLx6qphzdSP6tWe7bXKU_v4vP8eg0ct7Pz\" width=\"560\" height=\"315\" frameborder=\"0\" allowfullscreen=\"allowfullscreen\"><\/iframe><br \/>\n<strong>Zacualpan. Nuestra vida, nuestra tierra, por David Flores Mag\u00f3n Guzm\u00e1n, Itzmalin Ben\u00edtez, Carlos Mireles, y Alejandro Navarro, M\u00e9xico, 2016.<\/strong><br \/>\n&nbsp;<\/p>\n<h3>Menci\u00f3n Especial<\/h3>\n<p><iframe loading=\"lazy\" src=\"https:\/\/www.youtube.com\/embed\/_UYdRypvtOg?list=PLx6qphzdSP6tWe7bXKU_v4vP8eg0ct7Pz\" width=\"560\" height=\"315\" frameborder=\"0\" allowfullscreen=\"allowfullscreen\"><\/iframe><br \/>\n<strong>Metamorfosis, por Javier Adri\u00e1n Arce Fern\u00e1ndez, M\u00e9xico, 2016.<\/strong><br \/>\n&nbsp;<\/p>\n<hr \/>\n<h3>Lista completa de los candidatos participantes<\/h3>\n<p><strong><a href=\"https:\/\/www.youtube.com\/playlist?list=PLx6qphzdSP6v9cqqLMKGe-yAS6aQ0S7B-\">Todos los videos participantes pueden ser vistos en la Lista de Reproducci\u00f3n del Concurso de Cortometrajes 2016-17<\/a><\/strong><\/p>\n<p>&nbsp;<\/p>\n<p><strong>Zacualpan. Nuestra vida, nuestra tierra, por David Flores Mag\u00f3n Guzm\u00e1n, Itzmalin Ben\u00edtez, Carlos Mireles, y Alejandro Navarro, M\u00e9xico, 2016.<\/strong><\/p>\n<p><strong>Metamorfosis, por Javier Adri\u00e1n Arce Fern\u00e1ndez, M\u00e9xico, 2016.<\/strong><\/p>\n<p><strong>Sardinal: Agua y Lucha<\/strong>, por Jose Arturo Silva Luca, Laura Mora Rodriguez, Jose Moreira Leon, y Natalia Zeledon Fontana, Costa Rica, 2016.<\/p>\n<p><strong>CHAPALA, las voces de un lago violentado<\/strong>, por Fernando Melgoza Sep\u00falveda, Adriana Hern\u00e1ndez Garc\u00eda y Sergio Castellanos Sahag\u00fan, M\u00e9xico, 2016.<br \/>\n&nbsp;<\/p>\n<hr \/>\n<p>&nbsp;<\/p>\n<p><strong><a href=\"https:\/\/roxpublicidade.com.br\/waterlat\/01\/es\/concurso-2016-17-reglas\/\">Visite aqu\u00ed la p\u00e1gina de internet de la Comisi\u00f3n Evaluadora y las Reglas del Concurso 2016-17<\/a><\/strong><\/p>\n<p>&nbsp;<\/p>\n<hr \/>\n<p>For more details or to ask for clarification please send an e-mail to <a href=\"mailto:redwaterlat@gmail.com\">WATERLAT-GOBACIT Network\u2019s Secretariat<\/a>.<\/p>\n","protected":false},"excerpt":{"rendered":"<p>Primer Premio Zacualpan. Nuestra vida, nuestra tierra, por David Flores Mag\u00f3n Guzm\u00e1n, Itzmalin Ben\u00edtez, Carlos Mireles, y Alejandro Navarro, M\u00e9xico, 2016. &nbsp; Menci\u00f3n Especial Metamorfosis, por Javier Adri\u00e1n Arce Fern\u00e1ndez, M\u00e9xico, 2016. &nbsp; Lista completa de los candidatos participantes Todos los videos participantes pueden ser vistos en la Lista de Reproducci\u00f3n del Concurso de Cortometrajes [&hellip;]<\/p>\n","protected":false},"author":1,"featured_media":0,"parent":2311,"menu_order":0,"comment_status":"closed","ping_status":"closed","template":"page-templates\/full-width.php","meta":{"footnotes":""},"class_list":["post-1955","page","type-page","status-publish","hentry"],"_links":{"self":[{"href":"https:\/\/roxpublicidade.com.br\/waterlat\/01\/wp-json\/wp\/v2\/pages\/1955","targetHints":{"allow":["GET"]}}],"collection":[{"href":"https:\/\/roxpublicidade.com.br\/waterlat\/01\/wp-json\/wp\/v2\/pages"}],"about":[{"href":"https:\/\/roxpublicidade.com.br\/waterlat\/01\/wp-json\/wp\/v2\/types\/page"}],"author":[{"embeddable":true,"href":"https:\/\/roxpublicidade.com.br\/waterlat\/01\/wp-json\/wp\/v2\/users\/1"}],"replies":[{"embeddable":true,"href":"https:\/\/roxpublicidade.com.br\/waterlat\/01\/wp-json\/wp\/v2\/comments?post=1955"}],"version-history":[{"count":0,"href":"https:\/\/roxpublicidade.com.br\/waterlat\/01\/wp-json\/wp\/v2\/pages\/1955\/revisions"}],"up":[{"embeddable":true,"href":"https:\/\/roxpublicidade.com.br\/waterlat\/01\/wp-json\/wp\/v2\/pages\/2311"}],"wp:attachment":[{"href":"https:\/\/roxpublicidade.com.br\/waterlat\/01\/wp-json\/wp\/v2\/media?parent=1955"}],"curies":[{"name":"wp","href":"https:\/\/api.w.org\/{rel}","templated":true}]}}