{"id":1872,"date":"2017-03-06T17:52:53","date_gmt":"2017-03-06T17:52:53","guid":{"rendered":"http:\/\/waterlat.org\/pt\/?page_id=1872"},"modified":"2017-03-06T17:52:53","modified_gmt":"2017-03-06T17:52:53","slug":"sobre-a-rede","status":"publish","type":"page","link":"https:\/\/roxpublicidade.com.br\/waterlat\/01\/pt\/sobre-a-rede\/","title":{"rendered":"Sobre a Rede"},"content":{"rendered":"<style>\n.entry-content img, .comment-content img, .widget img, img.header-image, .author-avatar img, img.wp-post-image {<br \/>box-shadow: none;<br \/>}<\/p>\n<p>.entry-content p {<br \/>line-height: normal;<br \/>}<br \/>.briefs{<br \/>    float: left;<br \/>    clear: both;<br \/>    width: 49.2%;<br \/>    background-color: #19506b;<br \/>    padding: 20px;<br \/>    text-align: center;<br \/>    margin-left: 25px;<br \/>    font-size: 20px;<br \/>    color:white;<br \/>    border-radius: 2px;<br \/>}<br \/>.briefs a {text-decoration: none;color: white;}<br \/>.briefs:hover{<br \/>transition: 0.2s all;<br \/>background-color: #256e92;<br \/>}<br \/>.videocomp{<br \/>    float: left;<br \/>    clear: both;<br \/>    width: 95%;<br \/>    background-color: #19506b;<br \/>    padding: 20px;<br \/>    text-align: center;<br \/>    font-size: 20px;<br \/>    color:white;<br \/>    border-radius: 2px;<br \/>}<br \/>.videocomp a {text-decoration: none;color: white;}<br \/>.videocomp:hover{<br \/>transition: 0.2s all;<br \/>background-color: #256e92;<br \/>}<br \/><\/style>\n<div style=\"background-color: white;\">\n<p><!-- QUE ES + ENCUENTROS !--><\/p>\n<div style=\"overflow: hidden;\">\n<div style=\"float: left; width: 50%; margin-right: 15px;\">\n<div><img decoding=\"async\" class=\"aligncenter\" style=\"width: 65px; margin-left: auto; margin-right: auto;\" src=\"https:\/\/roxpublicidade.com.br\/waterlat\/01\/wp-content\/uploads\/2017\/03\/ICONO.png\" \/><\/div>\n<p style=\"color: #0000cc; line-height: 10px; text-align: center; font-size: 20px;\">About us<\/p>\n<p style=\"padding-right: 8px; border-right: 1px solid;\">WATERLAT-GOBACIT \u00e9 uma rede inter- e transdisciplinar de ensino, pesquisa e interven\u00e7\u00e3o no campo da Pol\u00edtica e da gest\u00e3o da \u00e1gua. Aborda temas como a conflitividade social em rela\u00e7\u00e3o as desigualdades e injusti\u00e7as emergentes da implementa\u00e7\u00e3o de megaprojetos, do extrativismo, da mercadoriza\u00e7\u00e3o dos servi\u00e7os essenciais, ou do impacto dos grandes desastres relacionados com a \u00e1gua. [AnythingPopup id=&#8221;1&#8243;]<\/p>\n<\/div>\n<div>\n<div style=\"text-align: center;\"><img decoding=\"async\" style=\"width: 200px; margin-left: auto; margin-right: auto;\" src=\"https:\/\/roxpublicidade.com.br\/waterlat\/01\/wp-content\/uploads\/2023\/05\/49055331093_18961fa208_c.jpg\" \/><\/div>\n<p style=\"margin-bottom: 9px; color: #0000cc; text-align: center; font-size: 20px;\">Encontros P\u00fablicos<\/p>\n<p>WATERLAT-GOBACIT organiza  encontros regulares que incluem  palestras, mesas redondas, sess\u00f5es de papers, oficinas, discuss\u00f5es com o p\u00fablico, e atividades relacionadas, num leque de temas relevantes a nossos  <a href=\"https:\/\/roxpublicidade.com.br\/waterlat\/01\/pt\/about\/objetivos\/\" target=\"_blank\" rel=\"noopener noreferrer\"> Objetivos<\/a>, e <a href=\"https:\/\/roxpublicidade.com.br\/waterlat\/01\/pt\/about\/prioridades\/\" target=\"_blank\" rel=\"noopener noreferrer\">Prioridades de Pesquisa<\/a>. (<a href=\"https:\/\/roxpublicidade.com.br\/waterlat\/01\/meetings\/public-meetings\/\" target=\"_blank\" rel=\"noopener noreferrer\">Visite aqui a P\u00e1gina dos Encontros P\u00fablicos <\/a>).<\/p>\n<\/div>\n<\/div>\n<div style=\"background-color: white;\">\n<p><!-- ATs + PUBLIC STATEMENTS !--><\/p>\n<div style=\"float: left; width: 50%; margin-right: 15px;\">\n<div><img decoding=\"async\" class=\"aligncenter\" style=\"width: 200px; margin-left: auto; margin-right: auto;\" src=\"https:\/\/roxpublicidade.com.br\/waterlat\/01\/wp-content\/uploads\/2023\/05\/15120287605_5b715d21d1_c.jpg\" \/><\/div>\n<p style=\"color: #0000cc; line-height: 10px; text-align: left; font-size: 20px;\">\u00c1reasTem\u00e1ticas<\/p>\n<p style=\"padding-right: 8px; border-right: 1px solid;\">A Rede tem 10 \u00c1reas Tem\u00e1ticas (ATs), que expressam a diversidade de interesses de nossos membros e estudantes. <a href=\"https:\/\/roxpublicidade.com.br\/waterlat\/01\/pt\/areas-tematicas\/\" target=\"_blank\" rel=\"noopener noreferrer\"> Visite aqui as p\u00e1ginas de nossas ATs <\/a>.<\/p>\n<\/div>\n<div style=\"text-align: center;\"><img decoding=\"async\" style=\"width: 200px; margin-left: auto; margin-right: auto;\" src=\"https:\/\/roxpublicidade.com.br\/waterlat\/01\/wp-content\/uploads\/2023\/05\/14345918717_788c0446cd_c.jpg\" \/><\/div>\n<p style=\"margin-bottom: 9px; color: #0000cc; text-align: center; font-size: 20px;\">Declara\u00e7\u00f5es P\u00fablicas<\/p>\n<p>A Rede regularmente se posiciona, por meio de declara\u00e7\u00f5es p\u00fablicas, sobre temas como a viola\u00e7\u00e3o de direitos relacionados com a \u00e1gua ou a democratiza\u00e7\u00e3o substantiva da Pol\u00edtica e a gest\u00e3o da \u00e1gua. <a href=\"https:\/\/roxpublicidade.com.br\/waterlat\/01\/pt\/declaracoes-publicas\/\" target=\"_blank\" rel=\"noopener noreferrer\"> Visite aqui nossa P\u00e1gina de Declara\u00e7\u00f5es P\u00fablicas<\/a>.<\/p>\n<\/div>\n<\/div>\n<div style=\"width: 200px; margin-left: auto; margin-right: auto;\"><\/div>\n<div style=\"width: 100%; margin-top: 15px;\">\n<div>\n<p><!-- PROYECTOS !--><\/p>\n<div style=\"margin-bottom: 75px;\">\n<h2 style=\"margin-left: 5px;\">Projetos<\/h2>\n<p>A Rede tem projetos com atividades de pesquisa, ensino, colabora\u00e7\u00e3o institucional, e interven\u00e7\u00e3o. <a href=\"https:\/\/roxpublicidade.com.br\/waterlat\/01\/pt\/projetos\/\" target=\"_blank\" rel=\"noopener noreferrer\"> Visite aqui nossa P\u00e1gina de  Projetos<\/a>.<\/p>\n<p>.<\/p>\n<div style=\"width: 350px; margin-left: auto; margin-right: auto;\">\n<div> <img decoding=\"async\" style=\"width: 350px; float: center;\" src=\"https:\/\/roxpublicidade.com.br\/waterlat\/01\/wp-content\/uploads\/2023\/05\/PRINWASS-in-WSF.jpg\" \/> <\/a><\/div>\n<p>&nbsp;<\/p>\n<\/div>\n<hr style=\"padding-right: 15px; width: 100%; margin-top: -10px;\" \/>\n<p>&nbsp;<\/p>\n<\/div>\n<p><!-- PODCASTS !--><\/p>\n<div style=\"margin-bottom: 75px;\">\n<h2 style=\"margin-left: 5px;\">S\u00e9rie de Podcasts &#8220;Vozes pela \u00c1gua&#8221;<\/h2>\n<p>A Rede publica uma s\u00e9rie de Podcasts titulada &#8220;Vozes pela \u00c1gua&#8221;, que apresenta entrevistas sobre uma variedade de temas, desde conflitos sociais causados por projetos de privatiza\u00e7\u00e3o  ou os desafios  que enfrentam as comunidades rurais da Am\u00e9rica Latina para  exercer o direito \u00e0 \u00e1gua na pr\u00e1tica, at\u00e9 os impactos das atividades produtivas extrativistas sobre os sistemas socioecol\u00f3gicos  e sobre a vida mais geralmente. <a href=\"https:\/\/roxpublicidade.com.br\/waterlat\/01\/pt\/comunicacao-publica\/podcasts\/\" target=\"_blank\" rel=\"noopener noreferrer\"> Visite aqui a P\u00e1gina dos Podcasts<\/a>.<\/p>\n<div style=\"width: 350px; margin-left: auto; margin-right: auto;\">\n<div><a href=\"https:\/\/roxpublicidade.com.br\/waterlat\/01\/projects-2\/prinwass\/\" target=\"_blank\" rel=\"noopener noreferrer\"> <img decoding=\"async\" style=\"width: 350px; float: center;\" src=\"https:\/\/roxpublicidade.com.br\/waterlat\/01\/wp-content\/uploads\/2023\/05\/14940987989_0f2a39c211_c.jpg\" \/> <\/a><\/div>\n<p>&nbsp;<\/p>\n<\/div>\n<hr style=\"padding-right: 15px; width: 100%; margin-top: -10px;\" \/>\n<p><!-- PUBLICACIONES !--><\/p>\n<div style=\"margin-bottom: 75px;\">\n<h2 style=\"margin-left: 5px;\">Publica\u00e7\u00f5es<\/h2>\n<p>Entre outros itens, nossas<a href=\"https:\/\/roxpublicidade.com.br\/waterlat\/01\/pt\/publicacoes\/\"> Publica\u00e7\u00f5es<\/a> incluem  uma S\u00e9rie de livros e nossa Revista <a href=\"https:\/\/roxpublicidade.com.br\/waterlat\/01\/pt\/working-papers-series\/\">Cadernos de Trabalho da Rede WATERLAT-GOBACIT<\/a>.<\/p>\n<p>Desde 2014 a Rede oferece regularmente um Pr\u00eamio para Estudantes, que consiste na publica\u00e7\u00e3o de livros e artigos baseados em  teses de doutorado e disserta\u00e7\u00f5es de mestrado.<a href=\"https:\/\/roxpublicidade.com.br\/waterlat\/01\/pt\/publicacoes\/\" target=\"_blank\" rel=\"noopener noreferrer\"> Visite aqui a P\u00e1gina do Pr\u00eamio para Estudantes<\/a>.<\/div>\n<p>.<\/p>\n<p>&nbsp;<\/p>\n<\/div>\n<p><a href=\"https:\/\/roxpublicidade.com.br\/waterlat\/01\/pt\/publicacoes\/\" target=\"_blank\" rel=\"noopener noreferrer\"> [carousel_slide id=&#8217;1876&#8242;] <\/a><\/p>\n<hr style=\"clear: both;\" \/>\n<\/div>\n<p>&nbsp;<\/p>\n<p><!-- VIDEOS !--><\/p>\n<div style=\"margin-bottom: 75px;\">\n<h2 style=\"margin-left: 5px;\">Arquivo de v\u00eddeograva\u00e7\u00f5es<\/h2>\n<p>A Rede tem um Arquivo de v\u00eddeo com grava\u00e7\u00f5es completas  de eventos  internacionais, atividades de projetos de  pesquisa, como entrevistas, apresenta\u00e7\u00f5es de publica\u00e7\u00f5es e  debates, e outros  materiais que s\u00e3o  disponibilizados em acesso aberto.<\/p>\n<p>.<br \/>\n&nbsp;<\/p>\n<\/div>\n<p><!-- video !--><\/p>\n<div style=\"padding-right: 20px; float: left;\">\n<p><iframe loading=\"lazy\" title=\"Desigualdade Estrutural e Microcefalia: a Determina\u00e7\u00e3o Social de uma Epidemia\" width=\"400\" height=\"225\" src=\"https:\/\/www.youtube.com\/embed\/o_ub6JiBXwc?feature=oembed\" frameborder=\"0\" allow=\"accelerometer; autoplay; clipboard-write; encrypted-media; gyroscope; picture-in-picture; web-share\" referrerpolicy=\"strict-origin-when-cross-origin\" allowfullscreen><\/iframe><\/p>\n<p><a style=\"display: block; margin-top: -25px;\" href=\"https:\/\/www.youtube.com\/user\/Waterlat\"> Visite aqui nosso Canal do YouTube.<\/a><\/p>\n<p>&nbsp;<\/p>\n<\/div>\n<hr style=\"padding-right: 15px; width: 100%; margin-top: -10px;\" \/>\n<div>\n<h2 style=\"text-align: center;\">Membros<\/h2>\n<p style=\"margin-top: -20px;\">A equipe da Rede inclui membros individuais e institucionais e  estudantes de gradua\u00e7\u00e3o e p\u00f3s-gradua\u00e7\u00e3o. Al\u00e9m de acad\u00e9micos e estudantes, inclui trabalhadores do setor p\u00fablico, membros de Organiza\u00e7\u00f5es n\u00e3o Governamentais, movimentos sociais, comunidades ind\u00edgenas e camponesas, sindicatos, entre outros atores relevantes. <a href=\"https:\/\/roxpublicidade.com.br\/waterlat\/01\/pt\/equipe\/\" target=\"_blank\" rel=\"noopener noreferrer\"> Ver aqui a p\u00e1gina da Equipe<\/a>.<\/p>\n<div style=\"width: 100%;\"><img decoding=\"async\" style=\"margin-left: auto; margin-right: auto;\" src=\"https:\/\/roxpublicidade.com.br\/waterlat\/01\/wp-content\/uploads\/2017\/02\/15704290752_b0ac869bc9_k.jpg\" \/><\/div>\n<\/div>\n<\/div>\n<\/div>\n<\/div>\n","protected":false},"excerpt":{"rendered":"<p>About us WATERLAT-GOBACIT \u00e9 uma rede inter- e transdisciplinar de ensino, pesquisa e interven\u00e7\u00e3o no campo da Pol\u00edtica e da gest\u00e3o da \u00e1gua. Aborda temas como a conflitividade social em rela\u00e7\u00e3o as desigualdades e injusti\u00e7as emergentes da implementa\u00e7\u00e3o de megaprojetos, do extrativismo, da mercadoriza\u00e7\u00e3o dos servi\u00e7os essenciais, ou do impacto dos grandes desastres relacionados com [&hellip;]<\/p>\n","protected":false},"author":1,"featured_media":0,"parent":0,"menu_order":0,"comment_status":"closed","ping_status":"closed","template":"page-templates\/front-page.php","meta":{"footnotes":""},"class_list":["post-1872","page","type-page","status-publish","hentry"],"_links":{"self":[{"href":"https:\/\/roxpublicidade.com.br\/waterlat\/01\/wp-json\/wp\/v2\/pages\/1872","targetHints":{"allow":["GET"]}}],"collection":[{"href":"https:\/\/roxpublicidade.com.br\/waterlat\/01\/wp-json\/wp\/v2\/pages"}],"about":[{"href":"https:\/\/roxpublicidade.com.br\/waterlat\/01\/wp-json\/wp\/v2\/types\/page"}],"author":[{"embeddable":true,"href":"https:\/\/roxpublicidade.com.br\/waterlat\/01\/wp-json\/wp\/v2\/users\/1"}],"replies":[{"embeddable":true,"href":"https:\/\/roxpublicidade.com.br\/waterlat\/01\/wp-json\/wp\/v2\/comments?post=1872"}],"version-history":[{"count":0,"href":"https:\/\/roxpublicidade.com.br\/waterlat\/01\/wp-json\/wp\/v2\/pages\/1872\/revisions"}],"wp:attachment":[{"href":"https:\/\/roxpublicidade.com.br\/waterlat\/01\/wp-json\/wp\/v2\/media?parent=1872"}],"curies":[{"name":"wp","href":"https:\/\/api.w.org\/{rel}","templated":true}]}}