{"id":1585,"date":"2016-11-19T14:03:23","date_gmt":"2016-11-19T14:03:23","guid":{"rendered":"http:\/\/waterlat.org\/pt\/?page_id=1585"},"modified":"2016-11-19T14:03:23","modified_gmt":"2016-11-19T14:03:23","slug":"cadernos-de-trabalho-da-at8","status":"publish","type":"page","link":"https:\/\/roxpublicidade.com.br\/waterlat\/01\/pt\/areas-tematicas\/at8\/cadernos-de-trabalho-da-at8\/","title":{"rendered":"Cadernos de Trabalho da AT8"},"content":{"rendered":"<p>A AT8 tem uma S\u00e9rie dentro dos Cadernos de Trabalho da Rede WATERLAT-GOBACIT: Serie \u00c1reas Tem\u00e1ticas, AT8 Desastres Relacionados com a \u00c1gua.<br \/>\nA AT tamb\u00e9m  tem  publicado n\u00fameros dos Cadernos de Trabaho conjuntamente com outras \u00c1reas Tem\u00e1ticas sobre temas de interesse comum.<\/p>\n<h2><\/h2>\n<h2><\/h2>\n<p><a href=\"https:\/\/roxpublicidade.com.br\/waterlat\/01\/wp-content\/uploads\/2023\/05\/SATADV1No1.jpg\"><img loading=\"lazy\" decoding=\"async\" class=\"alignnone size-medium wp-image-2717\" src=\"https:\/\/roxpublicidade.com.br\/waterlat\/01\/wp-content\/uploads\/2023\/05\/SATADV1No1.jpg\" alt=\"Tapa WPSATAM22\" width=\"212\" height=\"300\" \/><\/a>.<\/p>\n<h2><\/h2>\n<p><b>Desastres relacionados \u00e0 \u00e1gua: dos desaf\u00edos transescalares \u00e0 multivocalidade interpretativa<\/b> (em portugu\u00eas e espanhol). Editado por N. Valencio, com artigos de J. P. Roze,R. Taddei, L. Louren\u00e7o, A. Nunes, R. L. do Carmo, T. Mayumi Anazawa, I. Cavallini Johansen, S. Younes-Ibrahim, L. H. de S\u00e1, C. S. da Costa,D. A. Bernal Arias, E. Marandola Jr., R. Duarte Venturato-Landmann e Norma Valencio. <\/p>\n<h2><\/h2>\n<p>Vol. 1 No 1, setembro de  2014. <a href=\"https:\/\/roxpublicidade.com.br\/waterlat\/01\/WPapers\/WPSATADNo1.pdf\">Baixar o n\u00famero aqui<\/a>.<\/p>\n<h2><\/h2>\n<p><a href=\"https:\/\/roxpublicidade.com.br\/waterlat\/01\/wp-content\/uploads\/2023\/05\/CapaSATAD217.jpg\"><img loading=\"lazy\" decoding=\"async\" class=\"alignnone size-medium wp-image-2717\" src=\"https:\/\/roxpublicidade.com.br\/waterlat\/01\/wp-content\/uploads\/2023\/05\/CapaSATAD217.jpg\" alt=\"Tapa WPSATAM22\" width=\"212\" height=\"300\" \/><\/a>.<\/p>\n<h2><\/h2>\n<p><b>O contexto brasileiro de discuss\u00e3o human\u00edstica sobre a desnaturaliza\u00e7\u00e3o dos desastres<\/b>. Editado por N. Valencio, com artigos de C. Losekann, A. C. de Oliveira S\u00e1, A. Augusto Santos,<br \/>\nB. Jesus, J. Castro, L. Lima, L. Tin\u00f4co, L.eonardo Muniz,L. Cavalcante Fragotti, T. Batista Costa, W. Galv\u00e3o,<br \/>\nS. Portella, S. Santos Oliveira,M. de Jesus Morais, S. Simione da Silva, E. Andrade de Paula, A. P. C. Ferreira, A. Siqueira e V.  Marchezini. <\/p>\n<h2><\/h2>\n<p>Vol. 2 No 17, dezembro de  2015. <a href=\"https:\/\/roxpublicidade.com.br\/waterlat\/01\/WPapers\/WPSATAD217.pdf\">Baixar o n\u00famero aqui<\/a>.<\/p>\n<h2><\/h2>\n<p><a href=\"https:\/\/roxpublicidade.com.br\/waterlat\/01\/wp-content\/uploads\/2023\/05\/WPSATAD31.jpg\"><img loading=\"lazy\" decoding=\"async\" class=\"alignnone size-medium wp-image-2717\" src=\"https:\/\/roxpublicidade.com.br\/waterlat\/01\/wp-content\/uploads\/2023\/05\/WPSATAD31.jpg\" alt=\"Tapa WPSATAM22\" width=\"212\" height=\"300\" \/><\/a>.<\/p>\n<h2><\/h2>\n<p><b>\u00c1guas turbulentas: a constru\u00e7\u00e3o social de desastres em diferentes contextos nacionais<\/b> (em portugu\u00eas e espanhol). Editado por N. Valencio, com artigos de J. P. Roze, K. da Costa,J. D. Mor\u00e1n Escamilla, e I. dos Santos Paquete Fernandes. <\/p>\n<h2><\/h2>\n<p>Vol. 3 No 1, junho de  2016. <a href=\"https:\/\/roxpublicidade.com.br\/waterlat\/01\/WPapers\/WPSATAD31.pdf\">Baixar o n\u00famero aqui<\/a>.<\/p>\n<h2><\/h2>\n<p><a href=\"https:\/\/roxpublicidade.com.br\/waterlat\/01\/pt\/areas-tematicas\/at8\/\">Voltar \u00e0 Apresenta\u00e7\u00e3o da AT8<\/a><\/p>\n","protected":false},"excerpt":{"rendered":"<p>A AT8 tem uma S\u00e9rie dentro dos Cadernos de Trabalho da Rede WATERLAT-GOBACIT: Serie \u00c1reas Tem\u00e1ticas, AT8 Desastres Relacionados com a \u00c1gua. A AT tamb\u00e9m tem publicado n\u00fameros dos Cadernos de Trabaho conjuntamente com outras \u00c1reas Tem\u00e1ticas sobre temas de interesse comum. . Desastres relacionados \u00e0 \u00e1gua: dos desaf\u00edos transescalares \u00e0 multivocalidade interpretativa (em portugu\u00eas [&hellip;]<\/p>\n","protected":false},"author":1,"featured_media":0,"parent":1582,"menu_order":0,"comment_status":"closed","ping_status":"closed","template":"page-templates\/full-width.php","meta":{"footnotes":""},"class_list":["post-1585","page","type-page","status-publish","hentry"],"_links":{"self":[{"href":"https:\/\/roxpublicidade.com.br\/waterlat\/01\/wp-json\/wp\/v2\/pages\/1585","targetHints":{"allow":["GET"]}}],"collection":[{"href":"https:\/\/roxpublicidade.com.br\/waterlat\/01\/wp-json\/wp\/v2\/pages"}],"about":[{"href":"https:\/\/roxpublicidade.com.br\/waterlat\/01\/wp-json\/wp\/v2\/types\/page"}],"author":[{"embeddable":true,"href":"https:\/\/roxpublicidade.com.br\/waterlat\/01\/wp-json\/wp\/v2\/users\/1"}],"replies":[{"embeddable":true,"href":"https:\/\/roxpublicidade.com.br\/waterlat\/01\/wp-json\/wp\/v2\/comments?post=1585"}],"version-history":[{"count":0,"href":"https:\/\/roxpublicidade.com.br\/waterlat\/01\/wp-json\/wp\/v2\/pages\/1585\/revisions"}],"up":[{"embeddable":true,"href":"https:\/\/roxpublicidade.com.br\/waterlat\/01\/wp-json\/wp\/v2\/pages\/1582"}],"wp:attachment":[{"href":"https:\/\/roxpublicidade.com.br\/waterlat\/01\/wp-json\/wp\/v2\/media?parent=1585"}],"curies":[{"name":"wp","href":"https:\/\/api.w.org\/{rel}","templated":true}]}}