{"id":1478,"date":"2016-04-25T14:59:03","date_gmt":"2016-04-25T14:59:03","guid":{"rendered":"http:\/\/waterlat.org\/pt\/?page_id=1478"},"modified":"2016-04-25T14:59:03","modified_gmt":"2016-04-25T14:59:03","slug":"at6","status":"publish","type":"page","link":"https:\/\/roxpublicidade.com.br\/waterlat\/01\/pt\/areas-tematicas\/at6\/","title":{"rendered":"AT6 &#8211; Bacias, Territ\u00f3rios e Espa\u00e7os Hidrosociais"},"content":{"rendered":"<h2>Apresenta\u00e7\u00e3o<\/h2>\n<p>A AT6 est\u00e1 interessada em realizar estudos sobre a configura\u00e7\u00e3o do espa\u00e7o hidrosocial por meio de uma s\u00e9rie de aspectos e de sua transforma\u00e7\u00e3o no tempo. Estas vari\u00e1veis incluem, por exemplo, as institui\u00e7\u00f5es pol\u00edticas, a infraestrutura e a tecnologia hidr\u00e1ulica, as mudan\u00e7as nas formas de propriedade da terra e da \u00e1gua, cren\u00e7as e comportamentos no uso da \u00e1gua superficial e subterr\u00e2nea, a transforma\u00e7\u00e3o da \u00e1gua em mercadoria, a polui\u00e7\u00e3o e o cuidado e manuten\u00e7\u00e3o da \u00e1gua em todo seu ciclo. Esta complexidade pode ser melhor compreendida ao explorar as transforma\u00e7\u00f5es hist\u00f3ricas que impactam um espa\u00e7o hidrosocial. Entre estas mudan\u00e7as se podem mencionar, por exemplo, as atividades produtivas tradicionais e suas dificuldades para reproduzir-se junto a outras impulsadas por grupos sociais com interesses contrapostos, os modelos econ\u00f3micos e seus subsistemas, os fluxos de insumos e produtos, a constru\u00e7\u00e3o de nova infraestrutura e as mudan\u00e7as nos usos da \u00e1gua e do solo, e a produ\u00e7\u00e3o de conhecimento sobre estes temas.<\/p>\n<p>&nbsp;<\/p>\n<h2><a href=\"https:\/\/roxpublicidade.com.br\/waterlat\/01\/pt\/areas-tematicas\/at6\/temas-da-at6\/\">Temas da AT6<\/a><\/h2>\n<h2><a href=\"https:\/\/roxpublicidade.com.br\/waterlat\/01\/pt\/areas-tematicas\/at6\/cadernos-de-trabalho-da-at6\/\">Cadernos de Trabalho da AT6<\/a><\/h2>\n<h2><a href=\"https:\/\/roxpublicidade.com.br\/waterlat\/01\/pt\/areas-tematicas\/at6\/ta6-multimedia-gallery\/\">Galer\u00eda Multim\u00eddia da AT6<\/a><\/h2>\n<p>&nbsp;<\/p>\n<hr \/>\n","protected":false},"excerpt":{"rendered":"<p>Apresenta\u00e7\u00e3o A AT6 est\u00e1 interessada em realizar estudos sobre a configura\u00e7\u00e3o do espa\u00e7o hidrosocial por meio de uma s\u00e9rie de aspectos e de sua transforma\u00e7\u00e3o no tempo. Estas vari\u00e1veis incluem, por exemplo, as institui\u00e7\u00f5es pol\u00edticas, a infraestrutura e a tecnologia hidr\u00e1ulica, as mudan\u00e7as nas formas de propriedade da terra e da \u00e1gua, cren\u00e7as e comportamentos [&hellip;]<\/p>\n","protected":false},"author":1,"featured_media":0,"parent":12707,"menu_order":0,"comment_status":"closed","ping_status":"closed","template":"page-templates\/full-width.php","meta":{"footnotes":""},"class_list":["post-1478","page","type-page","status-publish","hentry"],"_links":{"self":[{"href":"https:\/\/roxpublicidade.com.br\/waterlat\/01\/wp-json\/wp\/v2\/pages\/1478","targetHints":{"allow":["GET"]}}],"collection":[{"href":"https:\/\/roxpublicidade.com.br\/waterlat\/01\/wp-json\/wp\/v2\/pages"}],"about":[{"href":"https:\/\/roxpublicidade.com.br\/waterlat\/01\/wp-json\/wp\/v2\/types\/page"}],"author":[{"embeddable":true,"href":"https:\/\/roxpublicidade.com.br\/waterlat\/01\/wp-json\/wp\/v2\/users\/1"}],"replies":[{"embeddable":true,"href":"https:\/\/roxpublicidade.com.br\/waterlat\/01\/wp-json\/wp\/v2\/comments?post=1478"}],"version-history":[{"count":0,"href":"https:\/\/roxpublicidade.com.br\/waterlat\/01\/wp-json\/wp\/v2\/pages\/1478\/revisions"}],"up":[{"embeddable":true,"href":"https:\/\/roxpublicidade.com.br\/waterlat\/01\/wp-json\/wp\/v2\/pages\/12707"}],"wp:attachment":[{"href":"https:\/\/roxpublicidade.com.br\/waterlat\/01\/wp-json\/wp\/v2\/media?parent=1478"}],"curies":[{"name":"wp","href":"https:\/\/api.w.org\/{rel}","templated":true}]}}