{"id":12762,"date":"2014-03-20T12:14:10","date_gmt":"2014-03-20T12:14:10","guid":{"rendered":"http:\/\/waterlat.org\/es\/?page_id=907"},"modified":"2014-03-20T12:14:10","modified_gmt":"2014-03-20T12:14:10","slug":"otras-reuniones-publicas","status":"publish","type":"page","link":"https:\/\/roxpublicidade.com.br\/waterlat\/01\/es\/encuentros\/otras-reuniones-publicas\/","title":{"rendered":"Reuniones P\u00fablicas Especiales"},"content":{"rendered":"<p>&nbsp;<\/p>\n<h3>Talleres, Seminarios<\/h3>\n<p><a href=\"https:\/\/roxpublicidade.com.br\/waterlat\/01\/es\/encuentros\/otras-reuniones-publicas\/taller-especial\/\">&#8220;El Desaf\u00edo de los Futuros del Agua&#8221;<\/a>, Taller de Trabajo Internacional de la Red WATERLAT-GOBACIT &#8211; Newcastle University, Newcastle upon Tyne (UK), 14-15 de julio de 2011<\/p>\n<p>&nbsp;<\/p>\n<h3>Sesiones en Eventos Internacionales<\/h3>\n<p>Sesi\u00f3n sobre &#8220;La sociog\u00e9nesis de la injusticia y la desigualdad ambientales en Am\u00e9rica Latina. Enfoques sociol\u00f3gicos hist\u00f3rico-comparativos&#8221;, Sesi\u00f3n regular conjunta del RC20 (Grupo de Trabajo en Sociolog\u00eda Hist\u00f3rica y Comparativa, WG02) con el RC24 Ambiente y Sociedad, <a href=\"http:\/\/www.isa-sociology.org\/buenos-aires-2012\/\">Segundo Foro de Sociolog\u00eda de la AIS, &#8220;Justicia Social y Democratizaci\u00f3n<\/a>, Buenos Aires, Argentina, 1-4 de agosto de 2012.<\/p>\n<p>Sesi\u00f3n sobre &#8220;Futuros del agua: escenarios y luchas&#8221;, RC07 Investigaci\u00f3n sobre Futuros, <a href=\"http:\/\/www.isa-sociology.org\/buenos-aires-2012\/\">Segundo Foro de Sociolog\u00eda de la AIS, &#8220;Justicia Social y Democratizaci\u00f3n<\/a>, Buenos Aires, Argentina, 1-4 de agosto de 2012.<\/p>\n<p>Sesi\u00f3n sobre &#8220;Gobernabilidad de recursos naturales: Participaci\u00f3n, ciudadan\u00eda y democratizaci\u00f3n&#8221;, RC24 Ambiente y Sociedad, <a href=\"http:\/\/www.isa-sociology.org\/buenos-aires-2012\/\">Segundo Foro de Sociolog\u00eda de la AIS, &#8220;Justicia Social y Democratizaci\u00f3n<\/a>, Buenos Aires, Argentina, 1-4 de agosto de 2012.<\/p>\n<p>Sesi\u00f3n sobre \u201cConflictos ecol\u00f3gicos distributivos y el dilema \u2019medio ambiente\u2019 vs. \u2018desarrollo\u2019 en Am\u00e9rica Latina: el caso del agua\u201d, <a title=\"Latin American and Caribbean Congress\" href=\"https:\/\/roxpublicidade.com.br\/waterlat\/01\/meetings\/public-meetings\/la-caribbean-congress\/\">II Congreso Latinoamericano y Caribe\u00f1o de Ciencias Sociales<\/a>, Facultad Latinoamericana de Ciencias Sociales (FLACSO), M\u00e9xico DF, 26-28 de mayo de 2010<\/p>\n","protected":false},"excerpt":{"rendered":"<p>&nbsp; Talleres, Seminarios &#8220;El Desaf\u00edo de los Futuros del Agua&#8221;, Taller de Trabajo Internacional de la Red WATERLAT-GOBACIT &#8211; Newcastle University, Newcastle upon Tyne (UK), 14-15 de julio de 2011 &nbsp; Sesiones en Eventos Internacionales Sesi\u00f3n sobre &#8220;La sociog\u00e9nesis de la injusticia y la desigualdad ambientales en Am\u00e9rica Latina. Enfoques sociol\u00f3gicos hist\u00f3rico-comparativos&#8221;, Sesi\u00f3n regular conjunta [&hellip;]<\/p>\n","protected":false},"author":1,"featured_media":0,"parent":12740,"menu_order":0,"comment_status":"closed","ping_status":"open","template":"page-templates\/full-width.php","meta":{"footnotes":""},"class_list":["post-12762","page","type-page","status-publish","hentry"],"_links":{"self":[{"href":"https:\/\/roxpublicidade.com.br\/waterlat\/01\/wp-json\/wp\/v2\/pages\/12762","targetHints":{"allow":["GET"]}}],"collection":[{"href":"https:\/\/roxpublicidade.com.br\/waterlat\/01\/wp-json\/wp\/v2\/pages"}],"about":[{"href":"https:\/\/roxpublicidade.com.br\/waterlat\/01\/wp-json\/wp\/v2\/types\/page"}],"author":[{"embeddable":true,"href":"https:\/\/roxpublicidade.com.br\/waterlat\/01\/wp-json\/wp\/v2\/users\/1"}],"replies":[{"embeddable":true,"href":"https:\/\/roxpublicidade.com.br\/waterlat\/01\/wp-json\/wp\/v2\/comments?post=12762"}],"version-history":[{"count":0,"href":"https:\/\/roxpublicidade.com.br\/waterlat\/01\/wp-json\/wp\/v2\/pages\/12762\/revisions"}],"up":[{"embeddable":true,"href":"https:\/\/roxpublicidade.com.br\/waterlat\/01\/wp-json\/wp\/v2\/pages\/12740"}],"wp:attachment":[{"href":"https:\/\/roxpublicidade.com.br\/waterlat\/01\/wp-json\/wp\/v2\/media?parent=12762"}],"curies":[{"name":"wp","href":"https:\/\/api.w.org\/{rel}","templated":true}]}}