{"id":12752,"date":"2013-11-27T20:59:33","date_gmt":"2013-11-27T20:59:33","guid":{"rendered":"http:\/\/waterlat.org\/es\/?page_id=23"},"modified":"2013-11-27T20:59:33","modified_gmt":"2013-11-27T20:59:33","slug":"archivo","status":"publish","type":"page","link":"https:\/\/roxpublicidade.com.br\/waterlat\/01\/es\/working-papers-series-3\/archivo\/","title":{"rendered":"CUADERNOS DE TRABAJO DE LA RED WATERLAT-GOBACIT &#8211; N\u00daMEROS PUBLICADOS"},"content":{"rendered":"<p style=\"text-align: right; line-height: 1;\">(Versi\u00f3n Impresa)  <strong>ISSN 2056-4856<\/strong><br \/>\n<\/br>(Versi\u00f3n Electr\u00f3nica) <strong>ISSN 2056-4864<\/strong><\/p>\n<h2>Todos los n\u00fameros publicados<\/h2>\n<p>&nbsp;<\/p>\n<p>[table id=1 \/]<\/p>\n","protected":false},"excerpt":{"rendered":"<p>(Versi\u00f3n Impresa) ISSN 2056-4856 (Versi\u00f3n Electr\u00f3nica) ISSN 2056-4864 Todos los n\u00fameros publicados &nbsp; [table id=1 \/]<\/p>\n","protected":false},"author":1,"featured_media":0,"parent":2435,"menu_order":0,"comment_status":"closed","ping_status":"open","template":"page-templates\/full-width.php","meta":{"footnotes":""},"class_list":["post-12752","page","type-page","status-publish","hentry"],"_links":{"self":[{"href":"https:\/\/roxpublicidade.com.br\/waterlat\/01\/wp-json\/wp\/v2\/pages\/12752","targetHints":{"allow":["GET"]}}],"collection":[{"href":"https:\/\/roxpublicidade.com.br\/waterlat\/01\/wp-json\/wp\/v2\/pages"}],"about":[{"href":"https:\/\/roxpublicidade.com.br\/waterlat\/01\/wp-json\/wp\/v2\/types\/page"}],"author":[{"embeddable":true,"href":"https:\/\/roxpublicidade.com.br\/waterlat\/01\/wp-json\/wp\/v2\/users\/1"}],"replies":[{"embeddable":true,"href":"https:\/\/roxpublicidade.com.br\/waterlat\/01\/wp-json\/wp\/v2\/comments?post=12752"}],"version-history":[{"count":0,"href":"https:\/\/roxpublicidade.com.br\/waterlat\/01\/wp-json\/wp\/v2\/pages\/12752\/revisions"}],"up":[{"embeddable":true,"href":"https:\/\/roxpublicidade.com.br\/waterlat\/01\/wp-json\/wp\/v2\/pages\/2435"}],"wp:attachment":[{"href":"https:\/\/roxpublicidade.com.br\/waterlat\/01\/wp-json\/wp\/v2\/media?parent=12752"}],"curies":[{"name":"wp","href":"https:\/\/api.w.org\/{rel}","templated":true}]}}