{"id":12750,"date":"2013-11-27T20:56:50","date_gmt":"2013-11-27T20:56:50","guid":{"rendered":"http:\/\/waterlat.org\/es\/?page_id=19"},"modified":"2013-11-27T20:56:50","modified_gmt":"2013-11-27T20:56:50","slug":"public-meetings","status":"publish","type":"page","link":"https:\/\/roxpublicidade.com.br\/waterlat\/01\/es\/encuentros\/public-meetings\/","title":{"rendered":"Reuniones P\u00fablicas Regulares"},"content":{"rendered":"<p>La Red organiza reuniones p\u00fablicas regulares de car\u00e1cter internacional.<\/p>\n<p>&nbsp;<\/p>\n<h3>Reuniones Regulares<\/h3>\n<p><a title=\"WATERLAT 2019\" href=\"https:\/\/roxpublicidade.com.br\/waterlat\/01\/es\/encuentros\/public-meetings\/waterlat-gobacit-concepcion-2019\/\">X Reuni\u00f3n Internacional de la Red WATERLAT-GOBACIT &#8211; Universidad de Concepci\u00f3n, Concepci\u00f3n, Chile, 7-11 de octubre de 2019<\/a><\/p>\n<p><a title=\"WATERLAT 2018\" href=\"https:\/\/roxpublicidade.com.br\/waterlat\/01\/es\/encuentros\/public-meetings\/waterlat-gobacit-ix-joao-pessoa-2018\/\">IX Reuni\u00f3n Internacional de la Red WATERLAT-GOBACIT &#8211; Universidad Estatal de Para\u00edba, Joao Pessoa, Para\u00edba, Brasil, 3-7 de septiembre de 2018<\/a><\/p>\n<p><a title=\"WATERLAT 2017\" href=\"https:\/\/roxpublicidade.com.br\/waterlat\/01\/es\/encuentros\/public-meetings\/waterlat-gobacit-viii-san-jose-2017\/\">VIII Reuni\u00f3n Internacional de la Red WATERLAT-GOBACIT \u2013 Universidad Estatal a Distancia, San Jos\u00e9, Costa Rica, 3-7 de abril de 2017<\/a><\/p>\n<p><a title=\"WATERLAT 2015\" href=\"https:\/\/roxpublicidade.com.br\/waterlat\/01\/es\/encuentros\/public-meetings\/waterlat-gobacit-2015\/\">VII Reuni\u00f3n Internacional de la Red WATERLAT-GOBACIT \u2013 Universidad ITESO, Guadalajara, M\u00e9xico, 19-23 de octubre de 2015<\/a><\/p>\n<p><a title=\"WATERLAT 2014\" href=\"https:\/\/roxpublicidade.com.br\/waterlat\/01\/es\/encuentros\/public-meetings\/waterlat-2014\/\">VI Reuni\u00f3n Internacional de la Red WATERLAT-GOBACIT \u2013 Universidad de Caldas, Manizales, Colombia, 27-31 de octubre de 2014<\/a><\/p>\n<p><a title=\"WATERLAT 2013\" href=\"https:\/\/roxpublicidade.com.br\/waterlat\/01\/es\/encuentros\/public-meetings\/fifth-meeting\/\">V Reuni\u00f3n Internacional de la Red WATERLAT \u2013 Instituto de Altos Estudios Nacionales, Quito, Ecuador, 14-17 de octubre de 2013<\/a><\/p>\n<p><a title=\"WATERLAT 2012\" href=\"https:\/\/roxpublicidade.com.br\/waterlat\/01\/es\/encuentros\/public-meetings\/fourth-meeting\/\">IV Reuni\u00f3n Internacional de la Red WATERLAT \u2013 Universidad Nacional de General Sarmiento, Buenos Aires, 22-24 de octubre de 2012<\/a><\/p>\n<p><a title=\"WATERLAT 2011\" href=\"https:\/\/roxpublicidade.com.br\/waterlat\/01\/es\/encuentros\/public-meetings\/waterlat-2011\/\">III Reuni\u00f3n Internacional de la Red WATERLAT \u2013 Facultad Latinoamericana de Ciencias Sociales, M\u00e9xico DF, 24-26 de octubre de 2011<\/a><\/p>\n<p><a title=\"WATERLAT 2010\" href=\"https:\/\/roxpublicidade.com.br\/waterlat\/01\/es\/encuentros\/public-meetings\/waterlat-2010\/\">II Reuni\u00f3n Internacional de la Red WATERLAT \u2013 Memorial de America Latina, San Pablo, 25-27 de octubre de 2010<\/a><\/p>\n<p><a title=\"WATERLAT 2009\" href=\"https:\/\/roxpublicidade.com.br\/waterlat\/01\/es\/encuentros\/public-meetings\/waterlat-2009\/\">I Reuni\u00f3n Internacional de la Red WATERLAT \u2013 Agencia Catalana del Agua, Barcelona, Espa\u00f1a, 14-16 de octubre de 2009<\/a><\/p>\n<p>&nbsp;<\/p>\n<h3><a href=\"https:\/\/roxpublicidade.com.br\/waterlat\/01\/es\/encuentros\/public-meetings\/otras-reuniones-publicas\/\">Reuniones P\u00fablicas Especiales<\/a><\/h3>\n","protected":false},"excerpt":{"rendered":"<p>La Red organiza reuniones p\u00fablicas regulares de car\u00e1cter internacional. &nbsp; Reuniones Regulares X Reuni\u00f3n Internacional de la Red WATERLAT-GOBACIT &#8211; Universidad de Concepci\u00f3n, Concepci\u00f3n, Chile, 7-11 de octubre de 2019 IX Reuni\u00f3n Internacional de la Red WATERLAT-GOBACIT &#8211; Universidad Estatal de Para\u00edba, Joao Pessoa, Para\u00edba, Brasil, 3-7 de septiembre de 2018 VIII Reuni\u00f3n Internacional de [&hellip;]<\/p>\n","protected":false},"author":1,"featured_media":0,"parent":12740,"menu_order":0,"comment_status":"closed","ping_status":"open","template":"page-templates\/full-width.php","meta":{"footnotes":""},"class_list":["post-12750","page","type-page","status-publish","hentry"],"_links":{"self":[{"href":"https:\/\/roxpublicidade.com.br\/waterlat\/01\/wp-json\/wp\/v2\/pages\/12750","targetHints":{"allow":["GET"]}}],"collection":[{"href":"https:\/\/roxpublicidade.com.br\/waterlat\/01\/wp-json\/wp\/v2\/pages"}],"about":[{"href":"https:\/\/roxpublicidade.com.br\/waterlat\/01\/wp-json\/wp\/v2\/types\/page"}],"author":[{"embeddable":true,"href":"https:\/\/roxpublicidade.com.br\/waterlat\/01\/wp-json\/wp\/v2\/users\/1"}],"replies":[{"embeddable":true,"href":"https:\/\/roxpublicidade.com.br\/waterlat\/01\/wp-json\/wp\/v2\/comments?post=12750"}],"version-history":[{"count":0,"href":"https:\/\/roxpublicidade.com.br\/waterlat\/01\/wp-json\/wp\/v2\/pages\/12750\/revisions"}],"up":[{"embeddable":true,"href":"https:\/\/roxpublicidade.com.br\/waterlat\/01\/wp-json\/wp\/v2\/pages\/12740"}],"wp:attachment":[{"href":"https:\/\/roxpublicidade.com.br\/waterlat\/01\/wp-json\/wp\/v2\/media?parent=12750"}],"curies":[{"name":"wp","href":"https:\/\/api.w.org\/{rel}","templated":true}]}}