{"id":12731,"date":"2013-11-27T20:56:49","date_gmt":"2013-11-27T20:56:49","guid":{"rendered":"http:\/\/waterlat.org\/es\/?page_id=3"},"modified":"2025-12-11T13:55:44","modified_gmt":"2025-12-11T16:55:44","slug":"comienzo","status":"publish","type":"page","link":"https:\/\/roxpublicidade.com.br\/waterlat\/01\/es\/comienzo\/","title":{"rendered":"La Red"},"content":{"rendered":"<h2>Bienvenidos a WATERLAT-GOBACIT<\/h2>\n<div>\n<p>WATERLAT-GOBACIT es una red de docencia, investigaci\u00f3n e intervenci\u00f3n inter- y transdisciplinaria abocada al tema de la pol\u00edtica y la gesti\u00f3n del agua y de los servicios basados en el uso del agua. La red tiene una fuerte presencia en Am\u00e9rica Latina y el Caribe pero su enfoque es de car\u00e1cter global. La Red articula las dimensiones cultural, ecol\u00f3gica, econ\u00f3mico-financiera, de salud, de gesti\u00f3n y operaci\u00f3n, institucional y de pol\u00edticas p\u00fablicas, y pol\u00edtica de las cuestiones relacionadas con el agua. La red tiene <a href=\"https:\/\/roxpublicidade.com.br\/waterlat\/01\/es\/comienzo\/objetivos\/\">objetivos<\/a> y <a href=\"https:\/\/roxpublicidade.com.br\/waterlat\/01\/es\/comienzo\/prioridades-de-investigacion\/\">prioridades de investigaci\u00f3n<\/a> claramente enfocados en la lucha contra la injusticia, la desigualdad y la indefensi\u00f3n conectadas con el agua.<\/p>\n<p>WATERLAT-GOBACIT organiza un encuentro anual que incluye conferencias, mesas redondas, sesiones de ponencias, talleres, conversatorios p\u00fablicos, y actividades relacionadas. Tambi\u00e9n organizamos sesiones en eventos internacionales y encuentros espec\u00edficos sobre un rango de temas relevantes a nuestros objetivos y prioridades (visite nuestra p\u00e1gina de <a href=\"https:\/\/roxpublicidade.com.br\/waterlat\/01\/es\/encuentros\/public-meetings\/\">Reuniones P\u00fablicas<\/a>).<\/p>\n<p>La Red tiene <a href=\"https:\/\/roxpublicidade.com.br\/waterlat\/01\/es\/areas-tematicas\/\">10 \u00c1reas Tem\u00e1ticas<\/a> sobre un rango de problemas que reflejan los intereses y esferas de actividad de nuestros miembros y estudiantes. Los resultados de nuestro trabajo colectivo pueden verse en nuestras p\u00e1ginas de <a href=\"https:\/\/roxpublicidade.com.br\/waterlat\/01\/es\/proyectos\/ \">Proyectos<\/a> y <a href=\"https:\/\/roxpublicidade.com.br\/waterlat\/01\/es\/publicaciones\/ \">Publicaciones<\/a>. Visite tambi\u00e9n nuestra p\u00e1gina de <a href=\"https:\/\/roxpublicidade.com.br\/waterlat\/01\/es\/comunicacion-publica\/ \">Diseminaci\u00f3n<\/a>, que incluye una conexi\u00f3n a nuestro canal de video en YouTube y a nuestras galer\u00edas fotogr\u00e1ficas en Flickr.<\/p>\n<p>El origen de la Red se remonta a comienzos de la d\u00e9cada de 1990 cuando un grupo de investigadores y estudiantes latinoamericanos basados en la <a href=\"http:\/\/www.flacso.edu.mx\/\">Facultad Latinoamericana de Ciencias Sociales (FLACSO)<\/a>, M\u00e9xico, y en el <a href=\"http:\/\/www.iigg.fsoc.uba.ar\/\">Instituto de Investigaciones Gino Germani, Universidad de Buenos Aires<\/a>, Argentina, comenzaron a desarrollar proyectos de investigaci\u00f3n conjuntos, intercambios acad\u00e9micos y colaboraci\u00f3n con profesionales en instituciones nacionales e internacionales vinculadas a la gesti\u00f3n del agua, entre otras el <a href=\"http:\/\/www.imta.gob.mx\/\">Instituto Mexicano de Tecnolog\u00eda del Agua (IMTA)<\/a>. El trabajo de estos investigadores se consolid\u00f3 y expandi\u00f3 posteriormente con la colaboraci\u00f3n estrecha que se estableci\u00f3 con colegas en la Universidad de Oxford, Inglaterra, que incluy\u00f3 el desarrollo del proyecto internacional <a href=\"https:\/\/roxpublicidade.com.br\/waterlat\/01\/es\/proyectos\/prinwass\/\">PRINWASS (2001-2004)<\/a>, el cual realiz\u00f3 un examen cr\u00edtico de los procesos de privatizaci\u00f3n de los servicios de agua y saneamiento en 9 pa\u00edses de \u00c1frica, Europa y Am\u00e9rica Latina.<\/p>\n<p>Los v\u00ednculos de colaboraci\u00f3n que se establecieron mediante el Proyecto PRINWASS y otras actividades llevaron a la creaci\u00f3n de la red de investigaci\u00f3n <a href=\"http:\/\/www.gobacit.org\/\">GOBACIT<\/a>, con miembros en \u00c1frica, Asia, Europa, y Am\u00e9rica Latina y el Caribe. En el a\u00f1o 2009 obtuvimos financiamiento del <a href=\"http:\/\/www.leverhulme.ac.uk\/\">Leverhulme Trust<\/a> para un proyecto de 3 a\u00f1os (2009-2011) cuyo objetivo era consolidar y extender la red en Am\u00e9rica Latina y el Caribe. Durante este per\u00edodo establecimos WATERLAT, la rama latinoamericana y caribe\u00f1a de GOBACIT. Las actividades y resultados de este per\u00edodo est\u00e1n reflejados en las distintas secciones de nuestro sitio de internet. Desde el a\u00f1o 2012 nuestras actividades principales han sido auto-financiadas, aunque hemos recibido apoyos generosos de universidades y otras instituciones p\u00fablicas para el desarrollo de nuestras reuniones. Agradecemos reconocidamente a estas instituciones en nuestra p\u00e1gina de <a href=\" https:\/\/roxpublicidade.com.br\/waterlat\/01\/es\/apoyos\/\">Apoyos<\/a>.<\/p>\n<p>Hoy la red supera los 350 <a href=\"https:\/\/roxpublicidade.com.br\/waterlat\/01\/es\/equipo\/\">miembros<\/a>, de los cuales aproximadamente un tercio son <a href=\"https:\/\/roxpublicidade.com.br\/waterlat\/01\/es\/equipo\/estudiantes\/\">estudiantes<\/a>, principalmente de doctorado y maestr\u00eda pero tambi\u00e9n algunos de licenciatura. Sin embargo, nuestros miembros no son solamente docentes, investigadores y estudiantes basados en instituciones acad\u00e9micas, sino que tambi\u00e9n contamos con expertos en temas de agua basados en instituciones de gobierno, empresas p\u00fablicas, Organizaciones no Gubernamentales, etc., as\u00ed como tambi\u00e9n representantes de movimientos sociales, grupos de usuarios de agua, organizaciones sindicales, y otros actores sociales relevantes para nuestro tema.<\/p>\n<p>Aunque por razones operativas hemos mantenido separadas a las redes GOBACIT y WATERLAT desde 2009, en 2014 hemos decidido reintegrarlas con el nombre de Red WATERLAT-GOBACIT.<\/p>\n<\/div>\n","protected":false},"excerpt":{"rendered":"<p>Bienvenidos a WATERLAT-GOBACIT WATERLAT-GOBACIT es una red de docencia, investigaci\u00f3n e intervenci\u00f3n inter- y transdisciplinaria abocada al tema de la pol\u00edtica y la gesti\u00f3n del agua y de los servicios basados en el uso del agua. La red tiene una fuerte presencia en Am\u00e9rica Latina y el Caribe pero su enfoque es de car\u00e1cter global. [&hellip;]<\/p>\n","protected":false},"author":1,"featured_media":0,"parent":0,"menu_order":0,"comment_status":"closed","ping_status":"open","template":"","meta":{"footnotes":""},"class_list":["post-12731","page","type-page","status-publish","hentry"],"_links":{"self":[{"href":"https:\/\/roxpublicidade.com.br\/waterlat\/01\/wp-json\/wp\/v2\/pages\/12731","targetHints":{"allow":["GET"]}}],"collection":[{"href":"https:\/\/roxpublicidade.com.br\/waterlat\/01\/wp-json\/wp\/v2\/pages"}],"about":[{"href":"https:\/\/roxpublicidade.com.br\/waterlat\/01\/wp-json\/wp\/v2\/types\/page"}],"author":[{"embeddable":true,"href":"https:\/\/roxpublicidade.com.br\/waterlat\/01\/wp-json\/wp\/v2\/users\/1"}],"replies":[{"embeddable":true,"href":"https:\/\/roxpublicidade.com.br\/waterlat\/01\/wp-json\/wp\/v2\/comments?post=12731"}],"version-history":[{"count":1,"href":"https:\/\/roxpublicidade.com.br\/waterlat\/01\/wp-json\/wp\/v2\/pages\/12731\/revisions"}],"predecessor-version":[{"id":13035,"href":"https:\/\/roxpublicidade.com.br\/waterlat\/01\/wp-json\/wp\/v2\/pages\/12731\/revisions\/13035"}],"wp:attachment":[{"href":"https:\/\/roxpublicidade.com.br\/waterlat\/01\/wp-json\/wp\/v2\/media?parent=12731"}],"curies":[{"name":"wp","href":"https:\/\/api.w.org\/{rel}","templated":true}]}}