{"id":12,"date":"2013-11-27T20:58:46","date_gmt":"2013-11-27T20:58:46","guid":{"rendered":"http:\/\/waterlat.org\/pt\/?page_id=12"},"modified":"2013-11-27T20:58:46","modified_gmt":"2013-11-27T20:58:46","slug":"enfoque","status":"publish","type":"page","link":"https:\/\/roxpublicidade.com.br\/waterlat\/01\/pt\/about\/enfoque\/","title":{"rendered":"Enfoque"},"content":{"rendered":"<div>\n<p>A Rede WATERLAT-GOBACIT se prop\u00f5e a dar uma contribui\u00e7\u00e3o ao avan\u00e7o no est\u00e1gio atual em um campo que, em termos amplos, poder\u00edamos definir como o da ecologia pol\u00edtica da \u00e1gua. Esta \u00e9 uma estrat\u00e9gia inovadora, j\u00e1 que, tradicionalmente, as pesquisas sobre a \u00e1gua t\u00eam sido dominadas principalmente pelas disciplinas t\u00e9cnico-cient\u00edficas com uma contribui\u00e7\u00e3o muito limitada por parte das ci\u00eancias sociais. Em geral, a relativa falta de aten\u00e7\u00e3o \u00e0s dimens\u00f5es ecol\u00f3gica e ambiental nas ci\u00eancias sociais foi e continua sendo assunto de debate acad\u00eamico, e n\u00f3s nos propusemos contribuir com o mencionado debate, utilizando os processos sociais relacionados com a gest\u00e3o da \u00e1gua como base emp\u00edrica de nossa reflex\u00e3o.<\/p>\n<p>No marco de nosso interesse intelectual por uma ecologia pol\u00edtica da \u00e1gua que atente para a dimens\u00e3o hist\u00f3rica, nosso enfoque visa a dar prioridade a problemas de pesquisa que tenham alta relev\u00e2ncia para a comunidade internacional. Em particular, nosso ponto de partida \u00e9 assumir que os obst\u00e1culos mais importantes que se enfrentam, quando se tem a inten\u00e7\u00e3o de alcan\u00e7ar as metas de desenvolvimento global em rela\u00e7\u00e3o com a sustentabilidade dos ecossistemas aqu\u00e1ticos e com a redu\u00e7\u00e3o da desigualdade e da inseguran\u00e7a no acesso \u00e0 \u00e1gua, n\u00e3o s\u00e3o de car\u00e1ter f\u00edsico-natural nem t\u00e9cnico. N\u00e3o \u00e9 que o nosso enfoque desconhe\u00e7a a import\u00e2ncia da dimens\u00e3o t\u00e9cnico-cient\u00edfica na gest\u00e3o da \u00e1gua, e sim que partimos do pressuposto de que a falta de sustentabilidade dos ecossistemas aqu\u00e1ticos e da desigualdade e injusti\u00e7a relacionadas com o acesso \u00e0 \u00e1gua n\u00e3o s\u00e3o o resultado da escassez h\u00eddrica, da falta de conhecimento cient\u00edfico e t\u00e9cnico, nem da car\u00eancia de solu\u00e7\u00f5es tecnol\u00f3gicas. Pelo contr\u00e1rio, afirmamos que as assimetrias no acesso aos benef\u00edcios da \u00e1gua e no sofrimento causado por calamidades de origem h\u00eddrica derivam principalmente de processos de car\u00e1ter socioecon\u00f4mico, pol\u00edtico, cultural e institucional, incluindo-se a\u00ed a formula\u00e7\u00e3o de e implementa\u00e7\u00e3o de pol\u00edticas p\u00fablicas.<\/p>\n<p>Este quadro de situa\u00e7\u00e3o fortalece o chamado \u00e0 elabora\u00e7\u00e3o de estrat\u00e9gias que incorporem a dimens\u00e3o social na an\u00e1lise e na busca de solu\u00e7\u00f5es para estes problemas. Neste sentido, nossa rede se prop\u00f5e a dar uma contribui\u00e7\u00e3o substancial ao avan\u00e7o do conhecimento neste campo de atividade, com o objetivo de fornecer explica\u00e7\u00f5es rigorosas dos processos a estudar, como tamb\u00e9m dar apoio na elabora\u00e7\u00e3o de propostas concretas de pol\u00edtica p\u00fablica.<\/p>\n<p>O programa de atividades da Rede WATERLAT-GOBACIT tem import\u00e2ncia estrat\u00e9gica tanto como projeto intelectual, quanto por ser uma iniciativa que busca apoiar a produ\u00e7\u00e3o de conhecimento orientado para a resolu\u00e7\u00e3o de problemas e para o desenvolvimento institucional. Embora exista um crescente interesse pela pesquisa sobre temas ambientais (inclusive o da \u00e1gua) nas ci\u00eancias sociais, este continua sendo, em uma grande medida, um campo pouco desenvolvido.\u00a0Devido aos enormes desafios ambientais que enfrenta a regi\u00e3o (por exemplo, que v\u00e3o desde a necessidade de se deterem os processos antropog\u00eanicos de desmatamento e desertifica\u00e7\u00e3o at\u00e9 o controle e redu\u00e7\u00e3o do impacto de enfermidades h\u00eddricas pass\u00edveis de serem prevenidas), as ci\u00eancias sociais s\u00e3o chamadas a desempenhar o papel principal na produ\u00e7\u00e3o de conhecimento acerca desses processos e no treinamento dos acad\u00eamicos e peritos necess\u00e1rios para levar a cabo a gigantesca tarefa envolvida.<\/p>\n<\/div>\n","protected":false},"excerpt":{"rendered":"<p>A Rede WATERLAT-GOBACIT se prop\u00f5e a dar uma contribui\u00e7\u00e3o ao avan\u00e7o no est\u00e1gio atual em um campo que, em termos amplos, poder\u00edamos definir como o da ecologia pol\u00edtica da \u00e1gua. Esta \u00e9 uma estrat\u00e9gia inovadora, j\u00e1 que, tradicionalmente, as pesquisas sobre a \u00e1gua t\u00eam sido dominadas principalmente pelas disciplinas t\u00e9cnico-cient\u00edficas com uma contribui\u00e7\u00e3o muito limitada [&hellip;]<\/p>\n","protected":false},"author":1,"featured_media":0,"parent":3,"menu_order":0,"comment_status":"closed","ping_status":"closed","template":"page-templates\/full-width.php","meta":{"footnotes":""},"class_list":["post-12","page","type-page","status-publish","hentry"],"_links":{"self":[{"href":"https:\/\/roxpublicidade.com.br\/waterlat\/01\/wp-json\/wp\/v2\/pages\/12","targetHints":{"allow":["GET"]}}],"collection":[{"href":"https:\/\/roxpublicidade.com.br\/waterlat\/01\/wp-json\/wp\/v2\/pages"}],"about":[{"href":"https:\/\/roxpublicidade.com.br\/waterlat\/01\/wp-json\/wp\/v2\/types\/page"}],"author":[{"embeddable":true,"href":"https:\/\/roxpublicidade.com.br\/waterlat\/01\/wp-json\/wp\/v2\/users\/1"}],"replies":[{"embeddable":true,"href":"https:\/\/roxpublicidade.com.br\/waterlat\/01\/wp-json\/wp\/v2\/comments?post=12"}],"version-history":[{"count":0,"href":"https:\/\/roxpublicidade.com.br\/waterlat\/01\/wp-json\/wp\/v2\/pages\/12\/revisions"}],"up":[{"embeddable":true,"href":"https:\/\/roxpublicidade.com.br\/waterlat\/01\/wp-json\/wp\/v2\/pages\/3"}],"wp:attachment":[{"href":"https:\/\/roxpublicidade.com.br\/waterlat\/01\/wp-json\/wp\/v2\/media?parent=12"}],"curies":[{"name":"wp","href":"https:\/\/api.w.org\/{rel}","templated":true}]}}