{"id":10,"date":"2013-11-27T20:59:05","date_gmt":"2013-11-27T20:59:05","guid":{"rendered":"http:\/\/waterlat.org\/pt\/?page_id=10"},"modified":"2013-11-27T20:59:05","modified_gmt":"2013-11-27T20:59:05","slug":"apoios","status":"publish","type":"page","link":"https:\/\/roxpublicidade.com.br\/waterlat\/01\/pt\/about\/apoios\/","title":{"rendered":"Apoios"},"content":{"rendered":"<p>Nossa rede tem recebido apoio financeiro e log\u00edstico de diversas fontes para levar a cabo suas atividades. Desde 2012 a maioria das atividades tem sido auto-financiadas pelos membros da rede, con apoio adicional de institui\u00e7\u00f5es p\u00fablicas. Esta\u00a0\u00e9 uma lista de nossos apoios mais importantes,\u00a0ordenados cronol\u00f3gicamente.<\/p>\n<p>&nbsp;<\/p>\n<p><a href=\"https:\/\/cdmx.ciesas.edu.mx\/\">Centro de Investigaciones y Estudios Superiores en Antropolog\u00eda Social (CIESAS)<\/a>, Cidade do M\u00e9xico, M\u00e9xico (2025)<\/p>\n<p><a href=\"https:\/\/www.ipea.gov.br\/portal\/\">Instituto de Pesquisa Econ\u00f4mica Aplicada(IPEA)<\/a>, Bras\u00edlia, Brasil (2015, 2023-25).<\/p>\n<p><a href=\"http:\/\/www.iteso.mx\">ITESO, Universidade Jesuita de Guadalajara<\/a>, Guadalajara, M\u00e9xico (2014 at\u00e9 hoje).<\/p>\n<p><a href=\"https:\/\/www.ugto.mx\/campusleon\/dcsh\/\">Universidad de Guanajuato, Campus Le\u00f3n<\/a>, Le\u00f3n, Guanajuato, M\u00e9xico(2015 at\u00e9 hoje).<\/p>\n<p><a href=\"https:\/\/www.seed.manchester.ac.uk\/\">School of Environment, Education and Development (SEED)<\/a>, University of Manchester, Manchester, Reino Unido (2019).<\/p>\n<p><a href=\"https:\/\/ielat.com\/\">Instituto Universitario de Investigaci\u00f3n en Estudios Latinoamericanos (IELAT), Universidad de Alcal\u00e1 (UAH)<\/a>, Alcal\u00e1 de Henares, Espanha (2019).<\/p>\n<p><a href=\"http:\/\/www.udec.cl\/\">Universidad de Concepci\u00f3n (UdeC)<\/a>, Concepci\u00f3n, B\u00edo-B\u00edo, Chile (2019).<br \/>\n&nbsp;<br \/>\n<a href=\"http:\/\/fapesq.rpp.br\">Funda\u00e7\u00e3o de Apoio \u00e0 Pesquisa do Estado da Para\u00edba (FAPESQ)<\/a>, Jo\u00e3o Pessoa, Para\u00edba, Brasil (2018)<br \/>\n&nbsp;<br \/>\n<a href=\"https:\/\/portal.fiocruz.br\">Funda\u00e7\u00e3o Oswaldo Cruz (Fiocruz)<\/a>, Rio de Janeiro e Recife, Pernambuco, Brasil (2018)<br \/>\n&nbsp;<br \/>\n<a href=\"https:\/\/portal.insa.gov.br\">Instituto Nacional do Semi\u00e1rido (INSA)<\/a>, Campina Grande, Para\u00edba, Brasil (2018)<br \/>\n&nbsp;<br \/>\n<a href=\"http:\/\/www.world-psi.org\/es\/home\">Internacional de Servi\u00e7os P\u00fablicos (ISP)<\/a>, Genebra, Su\u00ed\u00e7a (2014-2021)<br \/>\n&nbsp;<br \/>\n<a href=\"http:\/\/www.uned.ac.cr\">Universidade Estadual a Distancia (UNED)<\/a>, San Jos\u00e9, Costa Rica (2017).<br \/>\n&nbsp;<br \/>\nComiss\u00e3o de \u00c1gua e Esgotamento Sanit\u00e1rio (CAS), <a href=\"https:\/\/www.conare.ac.cr\">Conselho Nacional de Reitores (CONARE)<\/a>, San Jos\u00e9, Costa Rica (2017).<br \/>\n&nbsp;<br \/>\n<a href=\"http:\/\/www.eeha.csic.es\">Escola de Estudos Hispano-Americanos (EEHA), Conselho Superior de Pesquisas Cient\u00edficas (CSIC)<\/a>, Sevilha, Espanha (2016)<br \/>\n&nbsp;<br \/>\n<a href=\"http:\/\/ciesasoccidente.edu.mx\/\">Centro de Investigaciones y Estudios Superiores en Antropolog\u00eda Social (CIESAS- Occidente)<\/a>, Guadalajara, Jalisco, M\u00e9xico (2015)<br \/>\n&nbsp;<br \/>\n<a href=\"http:\/\/www.colmich.edu.mx\/\">El Colegio de Michoac\u00e1n<\/a>, Zamora, Michoac\u00e1n, M\u00e9xico (2015)<br \/>\n&nbsp;<br \/>\n<a href=\"http:\/\/coljal.edu.mx\/\">El Colegio de Jalisco<\/a>, Guadalajara, Jalisco, M\u00e9xico (2015)<br \/>\n&nbsp;<br \/>\n<a href=\"http:\/\/uaer.humanidades.unam.mx\/\">Universidad Nacional Aut\u00f3noma de M\u00e9xico, Unidad Acad\u00e9mica de Estudios Regionales<\/a>, Jiquilpan, Michoac\u00e1n, M\u00e9xico (2015)<br \/>\n&nbsp;<br \/>\n<a href=\"http:\/\/cuci.udg.mx\/\">Universidad de Guadalajara, Centro Universitario de la Ci\u00e9naga<\/a>, Ocotl\u00e1n, Jalisco, M\u00e9xico (2015)<br \/>\n&nbsp;<br \/>\n<a href=\"http:\/\/www.cide.edu\/regioncentro\/\">Centro de Investigaci\u00f3n y Docencia Econ\u00f3micas (CIDE), Regi\u00f3n Centro<\/a>, Aguascalientes, M\u00e9xico (2015)<br \/>\n&nbsp;<br \/>\n<a href=\"http:\/\/ww.colsan.edu.mx\/\">El Colegio de San Luis (COLSAN)<\/a>, San Luis Potos\u00ed, M\u00e9xico (2015)<br \/>\n&nbsp;<\/p>\n<p><a href=\"http:\/\/www.ucaldas.edu.co\/\">Universidade de Caldas<\/a>, Manizales, Col\u00f4mbia (2014)<\/p>\n<p>&nbsp;<br \/>\n<a href=\"http:\/\/portales.educacion.gov.ar\/spu\/\">Secretar\u00eda de Pol\u00edticas Universitarias<\/a>, Minist\u00e9rio de Educa\u00e7\u00e3o, Argentina (2014)<br \/>\n&nbsp;<br \/>\n<a href=\"http:\/\/www.yakumuseoagua.gob.ec\/\">Museo da \u00c1gua Yaku<\/a>, Equador (2013)<br \/>\n&nbsp;<br \/>\n<a href=\"http:\/\/www.iaen.edu.ec\/\">Instituto de Altos Estudos Nacionais (IAEN)<\/a>, Equador (2013)<br \/>\n&nbsp;<br \/>\n<a href=\"http:\/\/www.bn.gov.ar\/\">Biblioteca Nacional<\/a>, Argentina (2012)<br \/>\n&nbsp;<br \/>\n<a href=\"http:\/\/www.raices.mincyt.gov.ar\/\">Programa Ra\u00edces<\/a>, Minist\u00e9rio de Ci\u00eancia, Tecnologia e Inova\u00e7\u00e3o Produtiva (MINCYT), Argentina (2012)<br \/>\n&nbsp;<br \/>\n<a href=\"http:\/\/www.agencia.mincyt.gob.ar\/\">Agencia Nacional de Promo\u00e7\u00e3o Cient\u00edfica e Tecnol\u00f3gica<\/a>, Minist\u00e9rio de Ci\u00eancia, Tecnologia e Inova\u00e7\u00e3o Produtiva (MINCYT), Argentina (2012)<\/p>\n<p><a href=\"http:\/\/www.ungs.edu.ar\/\">Universidade Nacional de General Sarmiento (UNGS)<\/a>, Argentina (2012-2021)<\/p>\n<p><a href=\"http:\/\/www.flacso.edu.mx\/\">Faculdade Latino-americana de Ci\u00eancias Sociais (FLACSO)<\/a>, M\u00e9xico (2011)<br \/>\n&nbsp;<br \/>\n<a href=\"http:\/\/www.uepb.edu.br\/\">Universidade Estadual da Para\u00edba (UEPB)<\/a>, Brasil (2010-2020)<br \/>\n&nbsp;<br \/>\n<a href=\"http:\/\/prpg.usp.br\/procam\">Programa de P\u00f3s-gradua\u00e7\u00e3o em Ci\u00eancias Ambientais (PROCAM)<\/a>, Universidade de S\u00e3o Paulo, Brasil (2010)<br \/>\n&nbsp;<br \/>\n<a href=\"http:\/\/www.geografia.fflch.usp.br\/posgraduacao\/posgradhumana\/index.html\">Programa de P\u00f3s-gradua\u00e7\u00e3o em Geografia Humana<\/a>, Universidade de S\u00e3o Paulo, Brasil (2010)<br \/>\n&nbsp;<br \/>\n<a href=\"http:\/\/www.iea.usp.br\/iea\/\">Instituto de Estudos Avan\u00e7ados<\/a>, Universidade de S\u00e3o Paulo, Brasil (2010)<br \/>\n&nbsp;<br \/>\n<a href=\"http:\/\/www.cnpq.br\/\">Conselho Nacional de Desenvolvimento Cient\u00edfico e Tecnol\u00f3gico (CNPq)<\/a>, Brasil (2010)<br \/>\n&nbsp;<br \/>\n<a href=\"http:\/\/www.capes.gov.br\/\">Coordena\u00e7\u00e3o de Aperfei\u00e7oamento de Pessoal de N\u00edvel Superior (CAPES)<\/a>, Brasil (2010)<br \/>\n&nbsp;<br \/>\nCentro de Estudos Brasileiros de Am\u00e9rica Latina,\u00a0<a href=\"http:\/\/www.memorial.sp.gov.br\/memorial\/index.jsp\">Funda\u00e7\u00e3o Memorial<\/a>, e <a href=\"http:\/\/www.memorial.sp.gov.br\/memorial\/AgendaDetalhe.do?agendaId=792\">C\u00e1tedra Memorial de Am\u00e9rica Latina da UNESCO<\/a>, Brasil\u00a0(2010)<br \/>\n&nbsp;<br \/>\n<a href=\"http:\/\/www.ncl.ac.uk\/\">Universidade de Newcastle<\/a>, Reino Unido (2010)<br \/>\n&nbsp;<br \/>\n<a href=\"http:\/\/aca-web.gencat.cat\/aca\/appmanager\/aca\/aca;jsessionid=f3LVSvJLSL1GbfvSCZ8qZgxhS1zKLWgQv6q21HcyXP1Yk90bStbJ!666294608!-1835164804?_nfpb=true&amp;_pageLabel=portals_ACA_portal_page_1&amp;profileLocale=en\">Ag\u00eancia Catalana da \u00c1gua<\/a>, Barcelona, Espanha (2009)<br \/>\n&nbsp;<br \/>\n<a href=\"http:\/\/www.leverhulme.ac.uk\/\">Leverhulme Trust<\/a>, Programa de Redes Internacionais, Reino Unido, 2009-2011<\/p>\n<p>&nbsp;<\/p>\n","protected":false},"excerpt":{"rendered":"<p>Nossa rede tem recebido apoio financeiro e log\u00edstico de diversas fontes para levar a cabo suas atividades. Desde 2012 a maioria das atividades tem sido auto-financiadas pelos membros da rede, con apoio adicional de institui\u00e7\u00f5es p\u00fablicas. Esta\u00a0\u00e9 uma lista de nossos apoios mais importantes,\u00a0ordenados cronol\u00f3gicamente. &nbsp; Centro de Investigaciones y Estudios Superiores en Antropolog\u00eda Social [&hellip;]<\/p>\n","protected":false},"author":1,"featured_media":0,"parent":3,"menu_order":0,"comment_status":"closed","ping_status":"open","template":"page-templates\/full-width.php","meta":{"footnotes":""},"class_list":["post-10","page","type-page","status-publish","hentry"],"_links":{"self":[{"href":"https:\/\/roxpublicidade.com.br\/waterlat\/01\/wp-json\/wp\/v2\/pages\/10","targetHints":{"allow":["GET"]}}],"collection":[{"href":"https:\/\/roxpublicidade.com.br\/waterlat\/01\/wp-json\/wp\/v2\/pages"}],"about":[{"href":"https:\/\/roxpublicidade.com.br\/waterlat\/01\/wp-json\/wp\/v2\/types\/page"}],"author":[{"embeddable":true,"href":"https:\/\/roxpublicidade.com.br\/waterlat\/01\/wp-json\/wp\/v2\/users\/1"}],"replies":[{"embeddable":true,"href":"https:\/\/roxpublicidade.com.br\/waterlat\/01\/wp-json\/wp\/v2\/comments?post=10"}],"version-history":[{"count":0,"href":"https:\/\/roxpublicidade.com.br\/waterlat\/01\/wp-json\/wp\/v2\/pages\/10\/revisions"}],"up":[{"embeddable":true,"href":"https:\/\/roxpublicidade.com.br\/waterlat\/01\/wp-json\/wp\/v2\/pages\/3"}],"wp:attachment":[{"href":"https:\/\/roxpublicidade.com.br\/waterlat\/01\/wp-json\/wp\/v2\/media?parent=10"}],"curies":[{"name":"wp","href":"https:\/\/api.w.org\/{rel}","templated":true}]}}